{"id":28979,"date":"2022-08-12T08:08:40","date_gmt":"2022-08-12T06:08:40","guid":{"rendered":"https:\/\/guichet-online.com\/?page_id=28979"},"modified":"2024-02-12T15:41:46","modified_gmt":"2024-02-12T14:41:46","slug":"guichet-virtuel","status":"publish","type":"page","link":"https:\/\/www.guichet-online.com\/?page_id=28979","title":{"rendered":"OEA GUICHET VIRTUEL"},"content":{"rendered":"<p>[et_pb_section fb_built=\u00a0\u00bb1&Prime; _builder_version=\u00a0\u00bb4.17.6&Prime; _module_preset=\u00a0\u00bbdefault\u00a0\u00bb global_colors_info=\u00a0\u00bb{}\u00a0\u00bb][et_pb_row column_structure=\u00a0\u00bb1_2,1_2&Prime; _builder_version=\u00a0\u00bb4.17.6&Prime; _module_preset=\u00a0\u00bbdefault\u00a0\u00bb border_width_all=\u00a0\u00bb1px\u00a0\u00bb global_colors_info=\u00a0\u00bb{}\u00a0\u00bb][et_pb_column type=\u00a0\u00bb1_2&Prime; _builder_version=\u00a0\u00bb4.17.6&Prime; _module_preset=\u00a0\u00bbdefault\u00a0\u00bb global_colors_info=\u00a0\u00bb{}\u00a0\u00bb][et_pb_accordion _builder_version=\u00a0\u00bb4.17.6&Prime; _module_preset=\u00a0\u00bbdefault\u00a0\u00bb custom_margin=\u00a0\u00bb|||5px|false|false\u00a0\u00bb custom_padding=\u00a0\u00bb|||0px|false|false\u00a0\u00bb border_width_all=\u00a0\u00bb0px\u00a0\u00bb global_colors_info=\u00a0\u00bb{}\u00a0\u00bb][et_pb_accordion_item title=\u00a0\u00bbGuichet virtuel de la plateforme O.E.A.\u00a0\u00bb open=\u00a0\u00bbon\u00a0\u00bb open_toggle_text_color=\u00a0\u00bb#FF0000&Prime; _builder_version=\u00a0\u00bb4.17.6&Prime; _module_preset=\u00a0\u00bbdefault\u00a0\u00bb global_colors_info=\u00a0\u00bb{}\u00a0\u00bb toggle_text_color=\u00a0\u00bb#FF0000&Prime; toggle_font=\u00a0\u00bb|700|||||||\u00a0\u00bb toggle_font_size=\u00a0\u00bb25px\u00a0\u00bb]<\/p>\n<p>Bienvenue sur la page du guichet virtuel de la plateforme qui va vous accompagner pour la pr\u00e9sentation de votre candidature en qualit\u00e9 d&rsquo;Op\u00e9rateur Economique Agr\u00e9\u00e9 (O.E.A.) ou pour un renouvellement de votre certification OEA.<\/p>\n<p>[\/et_pb_accordion_item][\/et_pb_accordion][\/et_pb_column][et_pb_column type=\u00a0\u00bb1_2&Prime; _builder_version=\u00a0\u00bb4.17.6&Prime; _module_preset=\u00a0\u00bbdefault\u00a0\u00bb global_colors_info=\u00a0\u00bb{}\u00a0\u00bb][et_pb_image src=\u00a0\u00bbhttps:\/\/guichet-online.com\/wp-content\/uploads\/2024\/01\/Logo-OEA.jpg\u00a0\u00bb title_text=\u00a0\u00bbLogo OEA\u00a0\u00bb align=\u00a0\u00bbcenter\u00a0\u00bb _builder_version=\u00a0\u00bb4.17.6&Prime; _module_preset=\u00a0\u00bbdefault\u00a0\u00bb custom_margin=\u00a0\u00bb20px||||false|false\u00a0\u00bb global_colors_info=\u00a0\u00bb{}\u00a0\u00bb][\/et_pb_image][\/et_pb_column][\/et_pb_row][et_pb_row column_structure=\u00a0\u00bb1_3,1_3,1_3&Prime; _builder_version=\u00a0\u00bb4.17.6&Prime; _module_preset=\u00a0\u00bbdefault\u00a0\u00bb border_width_all=\u00a0\u00bb1px\u00a0\u00bb global_colors_info=\u00a0\u00bb{}\u00a0\u00bb][et_pb_column type=\u00a0\u00bb1_3&Prime; _builder_version=\u00a0\u00bb4.17.6&Prime; _module_preset=\u00a0\u00bbdefault\u00a0\u00bb global_colors_info=\u00a0\u00bb{}\u00a0\u00bb][et_pb_text _builder_version=\u00a0\u00bb4.17.6&Prime; _module_preset=\u00a0\u00bbdefault\u00a0\u00bb custom_margin=\u00a0\u00bb|||20px|false|false\u00a0\u00bb global_colors_info=\u00a0\u00bb{}\u00a0\u00bb]<\/p>\n<h3><strong><span style=\"color: #ff0000;\">V<\/span><\/strong><strong><span style=\"color: #ff0000;\">ous \u00eates chef d&rsquo;entreprise :<\/span><\/strong><\/h3>\n<p>Pour acc\u00e9der au statut d&rsquo;O.E.A. vous allez \u00eatre accompagn\u00e9 pour suivre la proc\u00e9dure qui a \u00e9t\u00e9 mise en place par l&rsquo;Office Mondial des Douanes.<\/p>\n<p><strong>Vos avantages:<\/strong><\/p>\n<p>Une plateforme mise \u00e0 disposition<br \/>sous forme de guichet virtuel:<br \/>\u2713\u00a0 Les d\u00e9marches mises en ligne<br \/>respectent les normes recommand\u00e9es<br \/>par l\u2019Organisation Mondiale des<br \/>Douanes<br \/>\u2713\u00a0 Une d\u00e9marche bas\u00e9e sur<br \/>l\u2019exp\u00e9rience de notre soci\u00e9t\u00e9 en<br \/>mati\u00e8re d\u2019accompagnement \u00e0 la<br \/>certification ISO 9001, 14001, 27000<br \/>et ISPS.<\/p>\n<h3><a href=\"https:\/\/guichet-online.com\/?page_id=30337\"><span style=\"color: #ff0000;\"><strong>PLUS D&rsquo;INFORMATION SUR\u00a0 L&rsquo;ESPACE DEMANDEUR<\/strong><\/span><\/a><\/h3>\n<p>[\/et_pb_text][\/et_pb_column][et_pb_column type=\u00a0\u00bb1_3&Prime; _builder_version=\u00a0\u00bb4.17.6&Prime; _module_preset=\u00a0\u00bbdefault\u00a0\u00bb global_colors_info=\u00a0\u00bb{}\u00a0\u00bb][et_pb_image src=\u00a0\u00bbhttps:\/\/guichet-online.com\/wp-content\/uploads\/2022\/08\/fiche-OEA-4.png\u00a0\u00bb title_text=\u00a0\u00bbfiche OEA 4&Prime; align=\u00a0\u00bbcenter\u00a0\u00bb _builder_version=\u00a0\u00bb4.17.6&Prime; _module_preset=\u00a0\u00bbdefault\u00a0\u00bb width=\u00a0\u00bb100%\u00a0\u00bb max_width=\u00a0\u00bb100%\u00a0\u00bb custom_margin=\u00a0\u00bb100px||0px|37px|false|false\u00a0\u00bb border_radii=\u00a0\u00bbon|1px|1px|1px|1px\u00a0\u00bb border_width_all=\u00a0\u00bb2px\u00a0\u00bb border_color_all=\u00a0\u00bb#000000&Prime; global_colors_info=\u00a0\u00bb{}\u00a0\u00bb][\/et_pb_image][\/et_pb_column][et_pb_column type=\u00a0\u00bb1_3&Prime; _builder_version=\u00a0\u00bb4.17.6&Prime; _module_preset=\u00a0\u00bbdefault\u00a0\u00bb global_colors_info=\u00a0\u00bb{}\u00a0\u00bb][et_pb_button button_url=\u00a0\u00bb@ET-DC@eyJkeW5hbWljIjp0cnVlLCJjb250ZW50IjoicG9zdF9saW5rX3VybF9wYWdlIiwic2V0dGluZ3MiOnsicG9zdF9pZCI6IjI5MDY4In19@\u00a0\u00bb button_text=\u00a0\u00bbDemande d&rsquo;acc\u00e8s \u00e0 la plateforme\u00a0\u00bb _builder_version=\u00a0\u00bb4.17.6&Prime; _dynamic_attributes=\u00a0\u00bbbutton_url\u00a0\u00bb _module_preset=\u00a0\u00bbdefault\u00a0\u00bb custom_button=\u00a0\u00bbon\u00a0\u00bb button_text_color=\u00a0\u00bb#E02B20&Prime; button_border_width=\u00a0\u00bb5px\u00a0\u00bb button_border_color=\u00a0\u00bb#E02B20&Prime; button_border_radius=\u00a0\u00bb12px\u00a0\u00bb custom_margin=\u00a0\u00bb200px|62px||62px|false|true\u00a0\u00bb custom_padding=\u00a0\u00bb|||17px|false|false\u00a0\u00bb global_colors_info=\u00a0\u00bb{}\u00a0\u00bb][\/et_pb_button][\/et_pb_column][\/et_pb_row][et_pb_row column_structure=\u00a0\u00bb1_3,1_3,1_3&Prime; _builder_version=\u00a0\u00bb4.17.6&Prime; _module_preset=\u00a0\u00bbdefault\u00a0\u00bb border_width_all=\u00a0\u00bb1px\u00a0\u00bb global_colors_info=\u00a0\u00bb{}\u00a0\u00bb][et_pb_column type=\u00a0\u00bb1_3&Prime; _builder_version=\u00a0\u00bb4.17.6&Prime; _module_preset=\u00a0\u00bbdefault\u00a0\u00bb global_colors_info=\u00a0\u00bb{}\u00a0\u00bb][et_pb_text _builder_version=\u00a0\u00bb4.17.6&Prime; _module_preset=\u00a0\u00bbdefault\u00a0\u00bb custom_margin=\u00a0\u00bb20px|||20px|false|false\u00a0\u00bb global_colors_info=\u00a0\u00bb{}\u00a0\u00bb]<\/p>\n<h3><span style=\"color: #ff0000;\"><strong>Vous \u00eates chef d&rsquo;entreprise et d\u00e9j\u00e0 r\u00e9f\u00e9renc\u00e9 sur la plateforme O.E.A.<\/strong><\/span><\/h3>\n<p>Vous avez maintenant acc\u00e8s \u00e0 des prestations de services pour progresser dans votre d\u00e9marche de certification.<\/p>\n<p>Vous devez compl\u00e9ter quelques formulaires qui sont demand\u00e9s par les services de la Douane.<\/p>\n<p>[\/et_pb_text][\/et_pb_column][et_pb_column type=\u00a0\u00bb1_3&Prime; _builder_version=\u00a0\u00bb4.17.6&Prime; _module_preset=\u00a0\u00bbdefault\u00a0\u00bb global_colors_info=\u00a0\u00bb{}\u00a0\u00bb][et_pb_image src=\u00a0\u00bbhttps:\/\/guichet-online.com\/wp-content\/uploads\/2022\/08\/Questionnaire-1.png\u00a0\u00bb title_text=\u00a0\u00bbQuestionnaire 1&Prime; _builder_version=\u00a0\u00bb4.17.6&Prime; _module_preset=\u00a0\u00bbdefault\u00a0\u00bb transform_scale=\u00a0\u00bb122%|122%\u00a0\u00bb custom_margin=\u00a0\u00bb20px|||70px|false|false\u00a0\u00bb custom_padding=\u00a0\u00bb|0px||0px|false|false\u00a0\u00bb border_width_all=\u00a0\u00bb3px\u00a0\u00bb global_colors_info=\u00a0\u00bb{}\u00a0\u00bb][\/et_pb_image][\/et_pb_column][et_pb_column type=\u00a0\u00bb1_3&Prime; _builder_version=\u00a0\u00bb4.17.6&Prime; _module_preset=\u00a0\u00bbdefault\u00a0\u00bb global_colors_info=\u00a0\u00bb{}\u00a0\u00bb][et_pb_text _builder_version=\u00a0\u00bb4.17.6&Prime; _module_preset=\u00a0\u00bbdefault\u00a0\u00bb custom_margin=\u00a0\u00bb-25px|||55px|false|false\u00a0\u00bb custom_padding=\u00a0\u00bb|0px|||false|false\u00a0\u00bb global_colors_info=\u00a0\u00bb{}\u00a0\u00bb]<\/p>\n<p>D\u00e8s que vous aurez manifest\u00e9 votre int\u00e9r\u00eat de vouloir inscrire votre soci\u00e9t\u00e9 au programme OEA \u00e0 travers la demande d&rsquo;acc\u00e8s \u00e0 la plateforme, vous allez recevoir, <strong>automatiquement<\/strong> <strong>par email,<\/strong> un premier formulaire de demande et ensuite un autre formulaire appel\u00e9 QUESTIONNAIRE AUTO-EVALUATIUON que vous allez devoir compl\u00e9ter.<\/p>\n<p>Nous avons mis en place des prestations d&rsquo;accompagnement pour vous aider \u00e0 r\u00e9pondre aux questions qui vous sont pos\u00e9es.<\/p>\n<h3><a href=\"https:\/\/guichet-online.com\/?page_id=30179\"><span style=\"color: #ff0000;\"><strong>ALLER AUX PRESTATIONS<\/strong><\/span><\/a><\/h3>\n<p>[\/et_pb_text][\/et_pb_column][\/et_pb_row][et_pb_row column_structure=\u00a0\u00bb1_3,1_3,1_3&Prime; _builder_version=\u00a0\u00bb4.17.6&Prime; _module_preset=\u00a0\u00bbdefault\u00a0\u00bb border_width_all=\u00a0\u00bb1px\u00a0\u00bb global_colors_info=\u00a0\u00bb{}\u00a0\u00bb][et_pb_column type=\u00a0\u00bb1_3&Prime; _builder_version=\u00a0\u00bb4.17.6&Prime; _module_preset=\u00a0\u00bbdefault\u00a0\u00bb global_colors_info=\u00a0\u00bb{}\u00a0\u00bb][et_pb_text _builder_version=\u00a0\u00bb4.17.6&Prime; _module_preset=\u00a0\u00bbdefault\u00a0\u00bb custom_margin=\u00a0\u00bb30px|||20px|false|false\u00a0\u00bb global_colors_info=\u00a0\u00bb{}\u00a0\u00bb]<\/p>\n<h3><span style=\"color: #ff0000;\"><strong>Vous \u00eates auditeur ou consultant accr\u00e9dit\u00e9<\/strong><\/span> <strong><span style=\"color: #ff0000;\">pour accompagner votre client vers la certification OEA.<\/span><\/strong><\/h3>\n<p>Vous pouvez acc\u00e9der aux donn\u00e9es de votre client que nous avons collect\u00e9es pour vous.<\/p>\n<p>Vous devez demander un acc\u00e8s \u00e0 la plateforme au pr\u00e9alable et nous communiquer la r\u00e9f\u00e9rence du client en question.<\/p>\n<p>[\/et_pb_text][\/et_pb_column][et_pb_column type=\u00a0\u00bb1_3&Prime; _builder_version=\u00a0\u00bb4.17.6&Prime; _module_preset=\u00a0\u00bbdefault\u00a0\u00bb global_colors_info=\u00a0\u00bb{}\u00a0\u00bb][et_pb_image src=\u00a0\u00bbhttps:\/\/guichet-online.com\/wp-content\/uploads\/2024\/02\/Image1.jpg\u00a0\u00bb title_text=\u00a0\u00bbImage1&Prime; _builder_version=\u00a0\u00bb4.17.6&Prime; _module_preset=\u00a0\u00bbdefault\u00a0\u00bb custom_margin=\u00a0\u00bb50px|-30px||30px|false|false\u00a0\u00bb border_width_all=\u00a0\u00bb2px\u00a0\u00bb border_color_all=\u00a0\u00bb#000000&Prime; global_colors_info=\u00a0\u00bb{}\u00a0\u00bb][\/et_pb_image][\/et_pb_column][et_pb_column type=\u00a0\u00bb1_3&Prime; _builder_version=\u00a0\u00bb4.17.6&Prime; _module_preset=\u00a0\u00bbdefault\u00a0\u00bb global_colors_info=\u00a0\u00bb{}\u00a0\u00bb][et_pb_text _builder_version=\u00a0\u00bb4.17.6&Prime; _module_preset=\u00a0\u00bbdefault\u00a0\u00bb custom_margin=\u00a0\u00bb|||62px|false|false\u00a0\u00bb global_colors_info=\u00a0\u00bb{}\u00a0\u00bb]<\/p>\n<p>A la demande de l&rsquo;administration dont vous d\u00e9pendez vous avez re\u00e7u une demande d&rsquo;acc\u00e8s \u00e0 la plateforme en qualit\u00e9 d&rsquo;auditeur. vous aurez ainsi acc\u00e8s \u00e0 l&rsquo;information de l&rsquo;entreprise qui pr\u00e9sente sa candidature en qualit\u00e9 d&rsquo;OEA. Vous aurez acc\u00e8s \u00e0 votre propre portail qui vous permettr d&rsquo;avoir une premi\u00e8re vision des informations de l&rsquo;entreprise et vous pourrez consulter, en d\u00e9tail, pendant votre processus d&rsquo;audit, les informations que l&rsquo;entreprise a mise en place pour r\u00e9pondre \u00e0 chacun des \u00e9tapes de votre audit.<span style=\"color: #ff0000;\"><strong><\/strong><\/span><\/p>\n<p>[\/et_pb_text][et_pb_button button_url=\u00a0\u00bb@ET-DC@eyJkeW5hbWljIjp0cnVlLCJjb250ZW50IjoicG9zdF9saW5rX3VybF9wYWdlIiwic2V0dGluZ3MiOnsicG9zdF9pZCI6IjMwNDA1In19@\u00a0\u00bb button_text=\u00a0\u00bbOUI JE DEMANDE\u00a0\u00bb _builder_version=\u00a0\u00bb4.17.6&Prime; _dynamic_attributes=\u00a0\u00bbbutton_url\u00a0\u00bb _module_preset=\u00a0\u00bbdefault\u00a0\u00bb custom_button=\u00a0\u00bbon\u00a0\u00bb button_text_color=\u00a0\u00bb#FFFFFF\u00a0\u00bb button_bg_color=\u00a0\u00bb#E02B20&Prime; button_font=\u00a0\u00bb|700|||||||\u00a0\u00bb custom_margin=\u00a0\u00bb|||60px|false|false\u00a0\u00bb global_colors_info=\u00a0\u00bb{}\u00a0\u00bb][\/et_pb_button][\/et_pb_column][\/et_pb_row][\/et_pb_section]<\/p>\n","protected":false},"excerpt":{"rendered":"<p>Bienvenue sur la page du guichet virtuel de la plateforme qui va vous accompagner pour la pr\u00e9sentation de votre candidature en qualit\u00e9 d&rsquo;Op\u00e9rateur Economique Agr\u00e9\u00e9 (O.E.A.) ou pour un renouvellement de votre certification OEA.Vous \u00eates chef d&rsquo;entreprise : Pour acc\u00e9der au statut d&rsquo;O.E.A. vous allez \u00eatre accompagn\u00e9 pour suivre la proc\u00e9dure qui a \u00e9t\u00e9 mise [&hellip;]<\/p>\n","protected":false},"author":1,"featured_media":0,"parent":0,"menu_order":0,"comment_status":"closed","ping_status":"closed","template":"","meta":{"_et_pb_use_builder":"on","_et_pb_old_content":"","_et_gb_content_width":"","footnotes":""},"class_list":["post-28979","page","type-page","status-publish","hentry"],"_links":{"self":[{"href":"https:\/\/www.guichet-online.com\/index.php?rest_route=\/wp\/v2\/pages\/28979","targetHints":{"allow":["GET"]}}],"collection":[{"href":"https:\/\/www.guichet-online.com\/index.php?rest_route=\/wp\/v2\/pages"}],"about":[{"href":"https:\/\/www.guichet-online.com\/index.php?rest_route=\/wp\/v2\/types\/page"}],"author":[{"embeddable":true,"href":"https:\/\/www.guichet-online.com\/index.php?rest_route=\/wp\/v2\/users\/1"}],"replies":[{"embeddable":true,"href":"https:\/\/www.guichet-online.com\/index.php?rest_route=%2Fwp%2Fv2%2Fcomments&post=28979"}],"version-history":[{"count":64,"href":"https:\/\/www.guichet-online.com\/index.php?rest_route=\/wp\/v2\/pages\/28979\/revisions"}],"predecessor-version":[{"id":224400,"href":"https:\/\/www.guichet-online.com\/index.php?rest_route=\/wp\/v2\/pages\/28979\/revisions\/224400"}],"wp:attachment":[{"href":"https:\/\/www.guichet-online.com\/index.php?rest_route=%2Fwp%2Fv2%2Fmedia&parent=28979"}],"curies":[{"name":"wp","href":"https:\/\/api.w.org\/{rel}","templated":true}]}}