{"id":29212,"date":"2022-11-02T18:42:19","date_gmt":"2022-11-02T17:42:19","guid":{"rendered":"https:\/\/guichet-online.com\/?page_id=29212"},"modified":"2024-02-03T09:03:32","modified_gmt":"2024-02-03T08:03:32","slug":"home-2","status":"publish","type":"page","link":"https:\/\/www.guichet-online.com\/?page_id=29212","title":{"rendered":"OEA CAMEROUN"},"content":{"rendered":"<p>[et_pb_section fb_built=\u00a0\u00bb1&Prime; _builder_version=\u00a0\u00bb4.17.6&Prime; _module_preset=\u00a0\u00bbdefault\u00a0\u00bb global_colors_info=\u00a0\u00bb{}\u00a0\u00bb][et_pb_row _builder_version=\u00a0\u00bb4.17.6&Prime; _module_preset=\u00a0\u00bbdefault\u00a0\u00bb global_colors_info=\u00a0\u00bb{}\u00a0\u00bb][et_pb_column type=\u00a0\u00bb4_4&Prime; _builder_version=\u00a0\u00bb4.17.6&Prime; _module_preset=\u00a0\u00bbdefault\u00a0\u00bb global_colors_info=\u00a0\u00bb{}\u00a0\u00bb][et_pb_accordion _builder_version=\u00a0\u00bb4.17.6&Prime; _module_preset=\u00a0\u00bbdefault\u00a0\u00bb toggle_text_align=\u00a0\u00bbcenter\u00a0\u00bb toggle_font_size=\u00a0\u00bb44px\u00a0\u00bb body_text_align=\u00a0\u00bbcenter\u00a0\u00bb body_line_height=\u00a0\u00bb2em\u00a0\u00bb min_height=\u00a0\u00bb683.3px\u00a0\u00bb global_colors_info=\u00a0\u00bb{}\u00a0\u00bb][et_pb_accordion_item title=\u00a0\u00bbLes acteurs de la chaine logistique du Cameroun\u00a0\u00bb open=\u00a0\u00bbon\u00a0\u00bb open_toggle_text_color=\u00a0\u00bb#E02B20&Prime; _builder_version=\u00a0\u00bb4.17.6&Prime; _module_preset=\u00a0\u00bbdefault\u00a0\u00bb body_line_height=\u00a0\u00bb1.5em\u00a0\u00bb global_colors_info=\u00a0\u00bb{}\u00a0\u00bb toggle_text_color=\u00a0\u00bb#E02B20&Prime; toggle_font=\u00a0\u00bb|700|||||||\u00a0\u00bb toggle_text_align=\u00a0\u00bbcenter\u00a0\u00bb toggle_font_size=\u00a0\u00bb28px\u00a0\u00bb]<\/p>\n<p>.qu&rsquo;<img loading=\"lazy\" decoding=\"async\" src=\"https:\/\/guichet-online.com\/wp-content\/uploads\/2022\/08\/Logo-OEA.jpg\" alt=\"\" class=\"wp-image-28859 alignnone size-full\" width=\"290\" height=\"195\" \/><img loading=\"lazy\" decoding=\"async\" src=\"https:\/\/guichet-online.com\/wp-content\/uploads\/2022\/11\/logo-Cameroun.png\" alt=\"\" class=\"wp-image-29214 alignnone size-full\" width=\"210\" height=\"240\" \/><\/p>\n<p><strong><span style=\"color: #ff0000;\">Bienvenue sur la page qui vous pr\u00e9sente les diff\u00e9rentes parties prenantes qui sont \u00e0 votre disposition au Cameroun dans le cadre de vos activit\u00e9s d\u00e9di\u00e9es \u00e0 vos activit\u00e9s en qualit\u00e9 d&rsquo;OEA.<br \/><\/span><\/strong><\/p>\n<ul>\n<li style=\"text-align: left;\">Les prestataires qui sont pr\u00e9sent\u00e9es sur cet espace ont \u00e9t\u00e9 reconnus, \u00e0 travers l&rsquo;organisation qu&rsquo;ils ont mise en place, comme une partie intervenant dans le mouvement international des marchandises \u00e0 quelque titre que ce soit et qui ont \u00e9t\u00e9 reconnus par ou au nom de l&rsquo;administration nationale des douanes de leur pays.<\/li>\n<li style=\"text-align: left;\">Ces prestataires se sont engag\u00e9s \u00e0 respecter les normes de l&rsquo;OMD ou des normes \u00e9quivalentes en mati\u00e8re de s\u00e9curit\u00e9 de la chaine logistique du cadre SAFE<\/li>\n<\/ul>\n<p style=\"text-align: left;\">Chacune de ces soci\u00e9t\u00e9s vous pr\u00e9sente l&rsquo;organisation qui a \u00e9t\u00e9 mise en place pour vous garantir une r\u00e9ponse \u00e0 vos demandes dans le respect des obligations qu&rsquo;elles doivent respecter du fait de l&rsquo;organisation ISO qu&rsquo;ils ont mis en place.<\/p>\n<p style=\"text-align: left;\">Dans une page sp\u00e9cifique pour chacune de ces parties-prenantes il vous sera pr\u00e9sent\u00e9 tous les services qui sont \u00e0 votre disposition sous forme de Guichet Virtuel.<\/p>\n<p style=\"text-align: left;\">Pour les parties-prenantes qui ont adh\u00e9rer \u00e0 l&rsquo;usage de la plateforme OEA vous aurez \u00e0 disposition des informations d\u00e9taill\u00e9es sur l&rsquo;organisation qui leur a permis d&rsquo;acqu\u00e9rir le statut d&rsquo;OEA ou de renouveler ce statut.<\/p>\n<p style=\"text-align: left;\"><strong>Vous pourrez, apr\u00e8s avoir valid\u00e9 leur capacit\u00e9 de r\u00e9pondre \u00e0 vos besoins, prendre contact directement avec eux.<\/strong><\/p>\n<p style=\"text-align: left;\">Cet espace n&rsquo;est pas r\u00e9serv\u00e9 qu&rsquo;aux entreprises qui ont le statut d&rsquo;OEA mais il est aussi \u00e0 disposition pour celles qui font partie de la chaine des services en question.<\/p>\n<p style=\"text-align: left;\">Toute entreprise ou organisation qui a pour objectif de devenir OEA peut y avoir acc\u00e8s \u00e0 travers la plateforme OEA qui est \u00e0 disposition \u00e0 travers le guichet virtuel qui met \u00e0 disposition toutes les d\u00e9marches \u00e0 entreprendre. <a href=\"https:\/\/guichet-online.com\/?page_id=29282\" title=\"D\u00e9marche OEA\"><strong><span style=\"color: #1300ef;\">Comment pr\u00e9senter une demande d&rsquo;adh\u00e9sion au statut d&rsquo;OEA.<\/span><\/strong><\/a><\/p>\n<p>[\/et_pb_accordion_item][\/et_pb_accordion][et_pb_tabs _builder_version=\u00a0\u00bb4.17.6&Prime; _module_preset=\u00a0\u00bbdefault\u00a0\u00bb global_colors_info=\u00a0\u00bb{}\u00a0\u00bb][et_pb_tab title=\u00a0\u00bbCNCC\u00a0\u00bb _builder_version=\u00a0\u00bb4.17.6&Prime; _module_preset=\u00a0\u00bbdefault\u00a0\u00bb global_colors_info=\u00a0\u00bb{}\u00a0\u00bb]<\/p>\n<p><img loading=\"lazy\" decoding=\"async\" src=\"https:\/\/guichet-online.com\/wp-content\/uploads\/2022\/11\/logo_cncc.png\" alt=\"\" class=\"wp-image-29253 alignnone size-full\" width=\"190\" height=\"176\" \/><\/p>\n<p><strong>Information:<\/strong> Des supports d&rsquo;informations pratiques sur le transport et le commerce international sont mis \u00e0 la disposition des chargeurs et autres partenaires.<\/p>\n<p><strong>Formation:<\/strong> Des modules de formation sont con\u00e7us et d\u00e9livr\u00e9s p\u00e9riodiquement aux chargeurs et autres aceturs de la cha\u00eene du commerce international.<\/p>\n<p><strong>Assistance:<\/strong> Conseil, orientation et accompagnement des chargeurs dans leurs activit\u00e9s d&rsquo;import-export en vue de l&rsquo;am\u00e9lioration de leur performance.<\/p>\n<p><strong>Facilitation:<\/strong> Plusieurs insfrastructures logistiques sont am\u00e9nag\u00e9es pour fluidifier le passage des marchandises aux fronti\u00e8res et dans les corridors de transit.<\/p>\n<p>[\/et_pb_tab][et_pb_tab title=\u00a0\u00bbGUCE   \u00a0\u00bb _builder_version=\u00a0\u00bb4.17.6&Prime; _module_preset=\u00a0\u00bbdefault\u00a0\u00bb global_colors_info=\u00a0\u00bb{}\u00a0\u00bb]<\/p>\n<p>A<img loading=\"lazy\" decoding=\"async\" src=\"https:\/\/guichet-online.com\/wp-content\/uploads\/2022\/11\/Guce-logo.png\" alt=\"\" class=\"wp-image-29254 alignnone size-full\" width=\"226\" height=\"56\" \/><\/p>\n<p><strong>Proc\u00e9dures \u00e9lectroniques:<\/strong> Le e-GUCE permet aux acteurs du commerce ext\u00e9rieur de r\u00e9aliser diff\u00e9rentes op\u00e9rations \u00e0 partir de postes de travail de type PC.<\/p>\n<p><strong>Paiement \u00e9lectronique:<\/strong> Plateforme de paiement \u00e9lectronque de vos op\u00e9rations du commerce ext\u00e9rieur.<\/p>\n<p><strong>SIAT:<\/strong> Syst\u00e8me d&rsquo;Informations des administrations techniques.<\/p>\n<p>&nbsp;<\/p>\n<p>[\/et_pb_tab][et_pb_tab title=\u00a0\u00bbPAD\u00a0\u00bb _builder_version=\u00a0\u00bb4.17.6&Prime; _module_preset=\u00a0\u00bbdefault\u00a0\u00bb global_colors_info=\u00a0\u00bb{}\u00a0\u00bb]<\/p>\n<p><img loading=\"lazy\" decoding=\"async\" src=\"https:\/\/guichet-online.com\/wp-content\/uploads\/2022\/11\/logo-PAD.png\" alt=\"\" class=\"wp-image-29257 alignnone size-full\" width=\"141\" height=\"157\" \/><\/p>\n<p>Le PAD est un port performant, catalyseur de la comp\u00e9titivit\u00e9 de l&rsquo;\u00e9conome nationale, moteur du d\u00e9veloppement sous r\u00e9gional et acteurs incontournables dans le positionnement du Cameroun comme platfeforme logistique du Golfe de Guin\u00e9e.<\/p>\n<p><strong>Manutention:<\/strong> La manutention du Fret au PAD est r\u00e9alis\u00e9e par des soci\u00e9t\u00e9s priv\u00e9es regroup\u00e9es en syndicats.<\/p>\n<p><strong>Pilotage portuaire:<\/strong> Le PAD propose des services d&rsquo;assistance pilotes aux entr\u00e9es et sorties portuaires. Il accueille des navires 24 heures par jour. Tout navire sup\u00e9rieur ou \u00e9gal \u00e0 200 tonneaux de jauge brute entrant ou sortant du port doit \u00eatre accompagn\u00e9 d&rsquo;un <strong>pilote<\/strong> PAD de la base du canal Wouri.<\/p>\n<p><strong>Remorquage et amarrage de navires:<\/strong> L&rsquo;amarrage consiste \u00e0 garder un navire \u00e0 quai en utilisant des amarres. Les activit\u00e9s de remrquage et d&rsquo;marrage au PAD ont \u00e9t\u00e9 accord\u00e9es \u00e0 une soci\u00e9t\u00e9 priv\u00e9e appel\u00e9e BOLUDA.<\/p>\n<p><strong>Approvisionnement:<\/strong> Cela consiste \u00e0 fournir des navires avec des produits n\u00e9cessaires \u00e0 la vie quotidienne \u00e0 bord. Le ravitaillement en eau et en hydrocarbures est effectu\u00e9 par les pompiers des autorit\u00e9s portuares. La recharge alimentaire est assur\u00e9e par des avitailleurs.<\/p>\n<p><strong>R\u00e9paration de navires:<\/strong> Les activit\u00e9sde r\u00e9paration de navires apportent des solutions \u00e0 divers probl\u00e8mes qui entravent les navires. Cette activit\u00e9 est r\u00e9alis\u00e9e par le Chantier Naval Industriel du Cameroun (CNIC).<\/p>\n<p>Entreposage &amp; stockage: Les installations suivantes sont disponibles pour les op\u00e9rateurs priv\u00e9s:<\/p>\n<p>&#8211; 66000 m2 de magasins banalis\u00e9s<\/p>\n<p>&#8211; 15 millions de tonnes de capacit\u00e9 de stockage<\/p>\n<p>&#8211; Zone de trafic classique de 80&rsquo;000 m2<\/p>\n<p>&#8211; Zones de stockage \u00e0 long terme en amont et en aval du port commercial.<\/p>\n<p>&nbsp;<\/p>\n<p>[\/et_pb_tab][et_pb_tab title=\u00a0\u00bbImportateurs \/ Exportateurs\u00a0\u00bb _builder_version=\u00a0\u00bb4.17.6&Prime; _module_preset=\u00a0\u00bbdefault\u00a0\u00bb body_text_color=\u00a0\u00bb#000000&Prime; tab_font=\u00a0\u00bb|700|||||||\u00a0\u00bb tab_text_color=\u00a0\u00bb#E02B20&Prime; tab_font_size=\u00a0\u00bb18px\u00a0\u00bb global_colors_info=\u00a0\u00bb{}\u00a0\u00bb]<\/p>\n<p>A partir de cet onglet vous aurez acc\u00e8s \u00e0 l\u2019espace des entreprises qui ont d\u00e9j\u00e0 obtenu l\u2019agr\u00e9ment OEA ou qui sont en cours d\u2019agr\u00e9ment \u00e0 partir de la plateforme.<\/p>\n<p>[\/et_pb_tab][\/et_pb_tabs][et_pb_menu _builder_version=\u00a0\u00bb4.17.6&Prime; _module_preset=\u00a0\u00bbdefault\u00a0\u00bb global_colors_info=\u00a0\u00bb{}\u00a0\u00bb][\/et_pb_menu][et_pb_button button_url=\u00a0\u00bb@ET-DC@eyJkeW5hbWljIjp0cnVlLCJjb250ZW50IjoicG9zdF9saW5rX3VybF9wYWdlIiwic2V0dGluZ3MiOnsicG9zdF9pZCI6IjI4OTc5In19@\u00a0\u00bb button_text=\u00a0\u00bbAcc\u00e8s au guichet virtuel\u00a0\u00bb _builder_version=\u00a0\u00bb4.17.6&Prime; _dynamic_attributes=\u00a0\u00bbbutton_url\u00a0\u00bb _module_preset=\u00a0\u00bbdefault\u00a0\u00bb custom_button=\u00a0\u00bbon\u00a0\u00bb button_text_size=\u00a0\u00bb23px\u00a0\u00bb button_text_color=\u00a0\u00bb#FFFFFF\u00a0\u00bb button_bg_color=\u00a0\u00bb#E02B20&Prime; button_border_color=\u00a0\u00bb#E02B20&Prime; button_font=\u00a0\u00bb|700|||||||\u00a0\u00bb button_icon=\u00a0\u00bb&#x24;||divi||400&Prime; hover_enabled=\u00a0\u00bb0&Prime; global_colors_info=\u00a0\u00bb{}\u00a0\u00bb sticky_enabled=\u00a0\u00bb0&Prime;][\/et_pb_button][\/et_pb_column][\/et_pb_row][\/et_pb_section]<\/p>\n","protected":false},"excerpt":{"rendered":"<p>.qu&rsquo; Bienvenue sur la page qui vous pr\u00e9sente les diff\u00e9rentes parties prenantes qui sont \u00e0 votre disposition au Cameroun dans le cadre de vos activit\u00e9s d\u00e9di\u00e9es \u00e0 vos activit\u00e9s en qualit\u00e9 d&rsquo;OEA. Les prestataires qui sont pr\u00e9sent\u00e9es sur cet espace ont \u00e9t\u00e9 reconnus, \u00e0 travers l&rsquo;organisation qu&rsquo;ils ont mise en place, comme une partie intervenant [&hellip;]<\/p>\n","protected":false},"author":1,"featured_media":0,"parent":0,"menu_order":0,"comment_status":"closed","ping_status":"closed","template":"","meta":{"_et_pb_use_builder":"on","_et_pb_old_content":"","_et_gb_content_width":"","footnotes":""},"class_list":["post-29212","page","type-page","status-publish","hentry"],"_links":{"self":[{"href":"https:\/\/www.guichet-online.com\/index.php?rest_route=\/wp\/v2\/pages\/29212","targetHints":{"allow":["GET"]}}],"collection":[{"href":"https:\/\/www.guichet-online.com\/index.php?rest_route=\/wp\/v2\/pages"}],"about":[{"href":"https:\/\/www.guichet-online.com\/index.php?rest_route=\/wp\/v2\/types\/page"}],"author":[{"embeddable":true,"href":"https:\/\/www.guichet-online.com\/index.php?rest_route=\/wp\/v2\/users\/1"}],"replies":[{"embeddable":true,"href":"https:\/\/www.guichet-online.com\/index.php?rest_route=%2Fwp%2Fv2%2Fcomments&post=29212"}],"version-history":[{"count":22,"href":"https:\/\/www.guichet-online.com\/index.php?rest_route=\/wp\/v2\/pages\/29212\/revisions"}],"predecessor-version":[{"id":30385,"href":"https:\/\/www.guichet-online.com\/index.php?rest_route=\/wp\/v2\/pages\/29212\/revisions\/30385"}],"wp:attachment":[{"href":"https:\/\/www.guichet-online.com\/index.php?rest_route=%2Fwp%2Fv2%2Fmedia&parent=29212"}],"curies":[{"name":"wp","href":"https:\/\/api.w.org\/{rel}","templated":true}]}}