{"id":29236,"date":"2022-11-03T11:15:58","date_gmt":"2022-11-03T10:15:58","guid":{"rendered":"https:\/\/guichet-online.com\/?page_id=29236"},"modified":"2024-02-03T09:08:54","modified_gmt":"2024-02-03T08:08:54","slug":"oea-suisse","status":"publish","type":"page","link":"https:\/\/www.guichet-online.com\/?page_id=29236","title":{"rendered":"OEA SUISSE"},"content":{"rendered":"<p>[et_pb_section fb_built=\u00a0\u00bb1&Prime; _builder_version=\u00a0\u00bb4.17.6&Prime; _module_preset=\u00a0\u00bbdefault\u00a0\u00bb global_colors_info=\u00a0\u00bb{}\u00a0\u00bb][et_pb_row _builder_version=\u00a0\u00bb4.17.6&Prime; _module_preset=\u00a0\u00bbdefault\u00a0\u00bb global_colors_info=\u00a0\u00bb{}\u00a0\u00bb][et_pb_column type=\u00a0\u00bb4_4&Prime; _builder_version=\u00a0\u00bb4.17.6&Prime; _module_preset=\u00a0\u00bbdefault\u00a0\u00bb global_colors_info=\u00a0\u00bb{}\u00a0\u00bb][et_pb_accordion _builder_version=\u00a0\u00bb4.17.6&Prime; _module_preset=\u00a0\u00bbdefault\u00a0\u00bb toggle_text_align=\u00a0\u00bbcenter\u00a0\u00bb toggle_font_size=\u00a0\u00bb44px\u00a0\u00bb body_text_align=\u00a0\u00bbcenter\u00a0\u00bb body_line_height=\u00a0\u00bb2em\u00a0\u00bb min_height=\u00a0\u00bb683.3px\u00a0\u00bb global_colors_info=\u00a0\u00bb{}\u00a0\u00bb][et_pb_accordion_item title=\u00a0\u00bbLes acteurs de la chaine logistique en Suisse\u00a0\u00bb open=\u00a0\u00bbon\u00a0\u00bb open_toggle_text_color=\u00a0\u00bb#E02B20&Prime; _builder_version=\u00a0\u00bb4.17.6&Prime; _module_preset=\u00a0\u00bbdefault\u00a0\u00bb body_line_height=\u00a0\u00bb1.5em\u00a0\u00bb text_orientation=\u00a0\u00bbcenter\u00a0\u00bb global_colors_info=\u00a0\u00bb{}\u00a0\u00bb toggle_text_color=\u00a0\u00bb#E02B20&Prime; toggle_font=\u00a0\u00bb|700|||||||\u00a0\u00bb toggle_text_align=\u00a0\u00bbcenter\u00a0\u00bb toggle_font_size=\u00a0\u00bb28px\u00a0\u00bb]<\/p>\n<p><img loading=\"lazy\" decoding=\"async\" src=\"https:\/\/guichet-online.com\/wp-content\/uploads\/2022\/08\/Logo-OEA.jpg\" alt=\"\" class=\"wp-image-28859 alignnone size-full\" width=\"290\" height=\"195\" \/><img loading=\"lazy\" decoding=\"async\" src=\"https:\/\/guichet-online.com\/wp-content\/uploads\/2022\/11\/Suisse.png\" alt=\"\" class=\"wp-image-29227 alignnone size-full\" width=\"278\" height=\"181\" \/><\/p>\n<p><strong><span style=\"color: #ff0000;\">Bienvenue sur la page qui vous pr\u00e9sente les diff\u00e9rentes parties prenantes qui sont \u00e0 votre disposition en Suisse dans le cadre de vos activit\u00e9s d\u00e9di\u00e9es \u00e0 vos activit\u00e9s en qualit\u00e9 d&rsquo;OEA.<br \/><\/span><\/strong><\/p>\n<ul>\n<li style=\"text-align: left;\">Les prestataires qui sont pr\u00e9sent\u00e9es sur cet espace ont \u00e9t\u00e9 reconnus, \u00e0 travers l&rsquo;organisation qu&rsquo;ils ont mise en place, comme une partie intervenant dans le mouvement international des marchandises \u00e0 quelque titre que ce soit et qui ont \u00e9t\u00e9 reconnus par ou au nom de l&rsquo;administration nationale des douanes de leur pays.<\/li>\n<li style=\"text-align: left;\">Ces prestataires se sont engag\u00e9s \u00e0 respecter les normes de l&rsquo;OMD ou des normes \u00e9quivalentes en mati\u00e8re de s\u00e9curit\u00e9 de la chaine logistique du cadre SAFE<\/li>\n<\/ul>\n<p style=\"text-align: left;\">[\/et_pb_accordion_item][\/et_pb_accordion][et_pb_tabs _builder_version=\u00a0\u00bb4.17.6&Prime; _module_preset=\u00a0\u00bbdefault\u00a0\u00bb global_colors_info=\u00a0\u00bb{}\u00a0\u00bb][et_pb_tab title=\u00a0\u00bbSwissport\u00a0\u00bb _builder_version=\u00a0\u00bb4.17.6&Prime; _module_preset=\u00a0\u00bbdefault\u00a0\u00bb global_colors_info=\u00a0\u00bb{}\u00a0\u00bb]<\/p>\n<h1><img loading=\"lazy\" decoding=\"async\" src=\"https:\/\/guichet-online.com\/wp-content\/uploads\/2022\/11\/Swissport-300x109.jpeg\" alt=\"\" class=\"wp-image-29238 alignnone size-medium\" width=\"300\" height=\"109\" srcset=\"https:\/\/www.guichet-online.com\/wp-content\/uploads\/2022\/11\/Swissport-300x109.jpeg 300w, https:\/\/www.guichet-online.com\/wp-content\/uploads\/2022\/11\/Swissport.jpeg 373w\" sizes=\"(max-width: 300px) 100vw, 300px\" \/><\/h1>\n<p><b style=\"color: #202122; font-family: sans-serif; font-size: 14px; font-style: normal; font-variant-ligatures: normal; font-variant-caps: normal; letter-spacing: normal; orphans: 2; text-align: start; text-indent: 0px; text-transform: none; white-space: normal; widows: 2; word-spacing: 0px; -webkit-text-stroke-width: 0px; background-color: #ffffff; text-decoration-thickness: initial; text-decoration-style: initial; text-decoration-color: initial;\">Swissport International Ltd.<\/b><span style=\"color: #202122; font-family: sans-serif; font-size: 14px; font-style: normal; font-variant-ligatures: normal; font-variant-caps: normal; font-weight: 400; letter-spacing: normal; orphans: 2; text-align: start; text-indent: 0px; text-transform: none; white-space: normal; widows: 2; word-spacing: 0px; -webkit-text-stroke-width: 0px; background-color: #ffffff; text-decoration-thickness: initial; text-decoration-style: initial; text-decoration-color: initial; display: inline !important; float: none;\">, dont le si\u00e8ge se situe \u00e0<span>\u00a0<\/span><\/span><a href=\"https:\/\/fr.wikipedia.org\/wiki\/Opfikon\" title=\"Opfikon\" style=\"text-decoration: none; color: #3366cc; background: none #ffffff; font-family: sans-serif; font-size: 14px; font-style: normal; font-variant-ligatures: normal; font-variant-caps: normal; font-weight: 400; letter-spacing: normal; orphans: 2; text-align: start; text-indent: 0px; text-transform: none; white-space: normal; widows: 2; word-spacing: 0px; -webkit-text-stroke-width: 0px;\">Opfikon<\/a><span style=\"color: #202122; font-family: sans-serif; font-size: 14px; font-style: normal; font-variant-ligatures: normal; font-variant-caps: normal; font-weight: 400; letter-spacing: normal; orphans: 2; text-align: start; text-indent: 0px; text-transform: none; white-space: normal; widows: 2; word-spacing: 0px; -webkit-text-stroke-width: 0px; background-color: #ffffff; text-decoration-thickness: initial; text-decoration-style: initial; text-decoration-color: initial; display: inline !important; float: none;\"><span>\u00a0<\/span>pr\u00e8s de l&rsquo;<\/span><a href=\"https:\/\/fr.wikipedia.org\/wiki\/A%C3%A9roport_international_de_Zurich\" title=\"A\u00e9roport international de Zurich\" style=\"text-decoration: none; color: #3366cc; background: none #ffffff; font-family: sans-serif; font-size: 14px; font-style: normal; font-variant-ligatures: normal; font-variant-caps: normal; font-weight: 400; letter-spacing: normal; orphans: 2; text-align: start; text-indent: 0px; text-transform: none; white-space: normal; widows: 2; word-spacing: 0px; -webkit-text-stroke-width: 0px;\">a\u00e9roport de Zurich<\/a><span style=\"color: #202122; font-family: sans-serif; font-size: 14px; font-style: normal; font-variant-ligatures: normal; font-variant-caps: normal; font-weight: 400; letter-spacing: normal; orphans: 2; text-align: start; text-indent: 0px; text-transform: none; white-space: normal; widows: 2; word-spacing: 0px; -webkit-text-stroke-width: 0px; background-color: #ffffff; text-decoration-thickness: initial; text-decoration-style: initial; text-decoration-color: initial; display: inline !important; float: none;\"><span>\u00a0<\/span>en<span>\u00a0<\/span><\/span><a href=\"https:\/\/fr.wikipedia.org\/wiki\/Suisse\" title=\"Suisse\" style=\"text-decoration: none; color: #3366cc; background: none #ffffff; font-family: sans-serif; font-size: 14px; font-style: normal; font-variant-ligatures: normal; font-variant-caps: normal; font-weight: 400; letter-spacing: normal; orphans: 2; text-align: start; text-indent: 0px; text-transform: none; white-space: normal; widows: 2; word-spacing: 0px; -webkit-text-stroke-width: 0px;\">Suisse<\/a><span style=\"color: #202122; font-family: sans-serif; font-size: 14px; font-style: normal; font-variant-ligatures: normal; font-variant-caps: normal; font-weight: 400; letter-spacing: normal; orphans: 2; text-align: start; text-indent: 0px; text-transform: none; white-space: normal; widows: 2; word-spacing: 0px; -webkit-text-stroke-width: 0px; background-color: #ffffff; text-decoration-thickness: initial; text-decoration-style: initial; text-decoration-color: initial; display: inline !important; float: none;\">, est un fournisseur de services au niveau mondial pour les compagnies a\u00e9riennes et les a\u00e9roports. Elle fournit des services de manutention aux avions pour environ 265 millions de passagers et g\u00e8re 4,7 millions de tonnes de fret par an au nom de quelque 850 entreprises clientes dans le secteur de l&rsquo;aviation . Avec un effectif d&rsquo;environ 68.000 employ\u00e9s, Swissport est actif dans plus de 315 stations dans 50 pays r\u00e9partis sur tous les cinq continents, et g\u00e9n\u00e8re des revenus d&rsquo;exploitation consolid\u00e9s de 2.8 milliards EUR.<\/span><\/p>\n<h1><a href=\"https:\/\/masoda.net\/softexpert?page=dashboard,402881f27fb1bc7701831baad9d422b4&amp;hideworkspace=true\"><span style=\"color: #ff0000;\"><strong><span style=\"font-family: sans-serif; font-size: 14px; font-style: normal; font-variant-ligatures: normal; font-variant-caps: normal; letter-spacing: normal; text-align: start; text-indent: 0px; text-transform: none; white-space: normal; word-spacing: 0px; -webkit-text-stroke-width: 0px; background-color: #ffffff; display: inline !important; float: none;\">ACCES AU PORTAIL SWISSPORT<\/span><\/strong><\/span><\/a><\/h1>\n<p>&nbsp;<\/p>\n<p>&nbsp;<\/p>\n<p>&nbsp;<\/p>\n<p>[\/et_pb_tab][et_pb_tab title=\u00a0\u00bbNV Logistics\u00a0\u00bb _builder_version=\u00a0\u00bb4.17.6&Prime; _module_preset=\u00a0\u00bbdefault\u00a0\u00bb body_font_size=\u00a0\u00bb14px\u00a0\u00bb global_colors_info=\u00a0\u00bb{}\u00a0\u00bb]<\/p>\n<p><img loading=\"lazy\" decoding=\"async\" src=\"https:\/\/guichet-online.com\/wp-content\/uploads\/2022\/11\/NV-Logistics.png\" alt=\"\" class=\"wp-image-29241 alignnone size-full\" width=\"213\" height=\"76\" \/><\/p>\n<p><strong>Vital Logistics:<\/strong> Avec ce service NV Logistics offre une large palette de solutions logistiques qui permettent de garantir l&rsquo;int\u00e9grit\u00e9 de la cha\u00eene du froid durant le transprt d&rsquo;\u00e9chantillons cliniques et de produits pharmaceutiques.<\/p>\n<p>Critical Logistics: Fort de son exp\u00e9rience dans le transport de pi\u00e8ces d\u00e9tach\u00e9es critiques, NV Logistics vous offre un nouveau service unique qui assure des transports aux d\u00e9lais garantis avec un service personnalis\u00e9 pour la Suisse et l&rsquo;Europe.<\/p>\n<p style=\"box-sizing: inherit; margin: 0px 0px 30px; padding: 0px; text-align: justify; color: #000000; font-family: 'Source Sans Pro', sans-serif; font-size: 22px; font-style: normal; font-variant-ligatures: normal; font-variant-caps: normal; font-weight: 400; letter-spacing: normal; orphans: 2; text-indent: 0px; text-transform: none; white-space: normal; widows: 2; word-spacing: 0px; -webkit-text-stroke-width: 0px; background-color: #ffffff; text-decoration-thickness: initial; text-decoration-style: initial; text-decoration-color: initial;\">[\/et_pb_tab][et_pb_tab title=\u00a0\u00bbMulti-Douane-Services\u00a0\u00bb _builder_version=\u00a0\u00bb4.17.6&Prime; _module_preset=\u00a0\u00bbdefault\u00a0\u00bb global_colors_info=\u00a0\u00bb{}\u00a0\u00bb]<\/p>\n<p><strong>Import d&rsquo;animaux de compagnie:<\/strong> Toutes d\u00e9marches administratives li\u00e9es \u00e0 l&rsquo;importation des animaux de compagnies et tout autre type d&rsquo;animal vivant.<\/p>\n<p><strong>Taxes v\u00e9hicules de fonction:<\/strong> Si votre employuer souhaite vous permettre d&rsquo;utiliser le v\u00e9hicule de fonction \u00e0 des fins priv\u00e9es, en dehors du trajet domicile\/lieu de travail, il devra s&rsquo;acquiter de taxes d&rsquo;importation du v\u00e9hicule dans l&rsquo;Union europ\u00e9enne.<\/p>\n<p><strong>Import fruits et l\u00e9gumes:<\/strong> Multi-douane Services est agr\u00e9e TRACES pour l&rsquo;\u00e9tablissement des documents DSCE pour l&rsquo;importation de produits v\u00e9g\u00e9taux obligatoires depuis janvier 2016.<\/p>\n<p><strong>La soci\u00e9t\u00e9 Multi-Douane-Services est partenaire de nombreux transitaires et entreprises r\u00e9gionales.<\/strong><\/p>\n<p>&nbsp;<\/p>\n<p>[\/et_pb_tab][et_pb_tab title=\u00a0\u00bbSafram\u00a0\u00bb _builder_version=\u00a0\u00bb4.17.6&Prime; _module_preset=\u00a0\u00bbdefault\u00a0\u00bb global_colors_info=\u00a0\u00bb{}\u00a0\u00bb]<\/p>\n<p><img loading=\"lazy\" decoding=\"async\" src=\"https:\/\/guichet-online.com\/wp-content\/uploads\/2022\/11\/SAFRAM-LOGO.png\" width=\"188\" height=\"36\" alt=\"\" class=\"wp-image-29323 alignnone size-full\" \/><\/p>\n<p><span>SAFRAM est une entreprise de transport europ\u00e9enne d\u2019origine suisse, au service des entreprises industrielles et commerciales \u00e0 la recherche d\u2019un service logistique de qualit\u00e9.<\/span><\/p>\n<p><strong>VISION:<\/strong><\/p>\n<p>SAFRAM, une organisation ing\u00e9nieuse et \u00e9conomique pour le client.<\/p>\n<p>La force de SAFRAM, ce sont ses circuits propri\u00e9taires qui assurent fiabilit\u00e9 du transport, le respect des horaires et la s\u00e9curit\u00e9 des marchandises.<\/p>\n<p>La performance de<span>\u00a0<\/span><a href=\"https:\/\/www.safram.com\/notre-reseau\/\">notre r\u00e9seau<\/a><span>\u00a0<\/span>est bas\u00e9e sur la fraicheur et le<span>\u00a0<\/span><a href=\"https:\/\/www.safram.com\/nos-valeurs\/\">confort des chauffeurs<\/a>.<\/p>\n<p>A cette fin, chaque segment long est couvert par 2 tracteurs qui \u00e9changent leur remorque \u00e0 mi-parcours.\u2028 Par exemple, le trajet Gen\u00e8ve-Paris est effectu\u00e9 par un chauffeur\/tracteur qui part de Paris \u00e0 destination de Pouilly-en-Auxois, o\u00f9 il va \u00e9changer sa remorque avec le chauffeur qui arrive de Gen\u00e8ve. Chaque chauffeur prend ensuite le chemin du retour. Dans cette logique, les camions SAFRAM ne voyagent jamais \u00e0 vide et acheminent du fret \u00e0 l\u2019aller comme au retour.<\/p>\n<p><span><\/span><\/p>\n<p>&nbsp;<\/p>\n<p>[\/et_pb_tab][\/et_pb_tabs][et_pb_button button_url=\u00a0\u00bb@ET-DC@eyJkeW5hbWljIjp0cnVlLCJjb250ZW50IjoicG9zdF9saW5rX3VybF9wYWdlIiwic2V0dGluZ3MiOnsicG9zdF9pZCI6IjI4OTc5In19@\u00a0\u00bb button_text=\u00a0\u00bbAcc\u00e8s au guichet virtuel\u00a0\u00bb _builder_version=\u00a0\u00bb4.17.6&Prime; _dynamic_attributes=\u00a0\u00bbbutton_url\u00a0\u00bb _module_preset=\u00a0\u00bbdefault\u00a0\u00bb custom_button=\u00a0\u00bbon\u00a0\u00bb button_text_size=\u00a0\u00bb23px\u00a0\u00bb button_text_color=\u00a0\u00bb#FFFFFF\u00a0\u00bb button_bg_color=\u00a0\u00bb#E02B20&Prime; button_border_color=\u00a0\u00bb#E02B20&Prime; button_font=\u00a0\u00bb|700|||||||\u00a0\u00bb button_icon=\u00a0\u00bb&#x24;||divi||400&Prime; hover_enabled=\u00a0\u00bb0&Prime; global_colors_info=\u00a0\u00bb{}\u00a0\u00bb sticky_enabled=\u00a0\u00bb0&Prime;][\/et_pb_button][\/et_pb_column][\/et_pb_row][\/et_pb_section]<\/p>\n","protected":false},"excerpt":{"rendered":"<p>Bienvenue sur la page qui vous pr\u00e9sente les diff\u00e9rentes parties prenantes qui sont \u00e0 votre disposition en Suisse dans le cadre de vos activit\u00e9s d\u00e9di\u00e9es \u00e0 vos activit\u00e9s en qualit\u00e9 d&rsquo;OEA. Les prestataires qui sont pr\u00e9sent\u00e9es sur cet espace ont \u00e9t\u00e9 reconnus, \u00e0 travers l&rsquo;organisation qu&rsquo;ils ont mise en place, comme une partie intervenant dans [&hellip;]<\/p>\n","protected":false},"author":1,"featured_media":0,"parent":0,"menu_order":0,"comment_status":"closed","ping_status":"closed","template":"page-template-blank.php","meta":{"_et_pb_use_builder":"on","_et_pb_old_content":"","_et_gb_content_width":"","footnotes":""},"class_list":["post-29236","page","type-page","status-publish","hentry"],"_links":{"self":[{"href":"https:\/\/www.guichet-online.com\/index.php?rest_route=\/wp\/v2\/pages\/29236","targetHints":{"allow":["GET"]}}],"collection":[{"href":"https:\/\/www.guichet-online.com\/index.php?rest_route=\/wp\/v2\/pages"}],"about":[{"href":"https:\/\/www.guichet-online.com\/index.php?rest_route=\/wp\/v2\/types\/page"}],"author":[{"embeddable":true,"href":"https:\/\/www.guichet-online.com\/index.php?rest_route=\/wp\/v2\/users\/1"}],"replies":[{"embeddable":true,"href":"https:\/\/www.guichet-online.com\/index.php?rest_route=%2Fwp%2Fv2%2Fcomments&post=29236"}],"version-history":[{"count":16,"href":"https:\/\/www.guichet-online.com\/index.php?rest_route=\/wp\/v2\/pages\/29236\/revisions"}],"predecessor-version":[{"id":30389,"href":"https:\/\/www.guichet-online.com\/index.php?rest_route=\/wp\/v2\/pages\/29236\/revisions\/30389"}],"wp:attachment":[{"href":"https:\/\/www.guichet-online.com\/index.php?rest_route=%2Fwp%2Fv2%2Fmedia&parent=29236"}],"curies":[{"name":"wp","href":"https:\/\/api.w.org\/{rel}","templated":true}]}}