{"id":30179,"date":"2024-01-29T15:06:22","date_gmt":"2024-01-29T14:06:22","guid":{"rendered":"https:\/\/guichet-online.com\/?page_id=30179"},"modified":"2024-02-12T15:56:28","modified_gmt":"2024-02-12T14:56:28","slug":"30179-2","status":"publish","type":"page","link":"https:\/\/www.guichet-online.com\/?page_id=30179","title":{"rendered":"NOS SERVICES"},"content":{"rendered":"\n[et_pb_section fb_built=\u00a0\u00bb1&Prime; _builder_version=\u00a0\u00bb4.17.6&Prime; _module_preset=\u00a0\u00bbdefault\u00a0\u00bb global_colors_info=\u00a0\u00bb{}\u00a0\u00bb][et_pb_row _builder_version=\u00a0\u00bb4.17.6&Prime; _module_preset=\u00a0\u00bbdefault\u00a0\u00bb global_colors_info=\u00a0\u00bb{}\u00a0\u00bb][et_pb_column type=\u00a0\u00bb4_4&Prime; _builder_version=\u00a0\u00bb4.17.6&Prime; _module_preset=\u00a0\u00bbdefault\u00a0\u00bb global_colors_info=\u00a0\u00bb{}\u00a0\u00bb][et_pb_text _builder_version=\u00a0\u00bb4.17.6&Prime; _module_preset=\u00a0\u00bbdefault\u00a0\u00bb custom_margin=\u00a0\u00bb-10px||||false|false\u00a0\u00bb custom_padding=\u00a0\u00bb||0px|||\u00a0\u00bb global_colors_info=\u00a0\u00bb{}\u00a0\u00bb]<h1><strong><span style=\"color: #ff0000;\">ACCOMPAGNEMENT POUR PRISE EN CHARGE DE VOS DONNEES<\/span><\/strong><\/h1>[\/et_pb_text][et_pb_text _builder_version=\u00a0\u00bb4.17.6&Prime; _module_preset=\u00a0\u00bbdefault\u00a0\u00bb custom_padding=\u00a0\u00bb||0px|||\u00a0\u00bb global_colors_info=\u00a0\u00bb{}\u00a0\u00bb]<h2><strong>QUELQUES PRECISIONS AVANT DE NOUS METTRE AU TRAVAIL<\/strong><\/h2>[\/et_pb_text][et_pb_text _builder_version=\u00a0\u00bb4.17.6&Prime; _module_preset=\u00a0\u00bbdefault\u00a0\u00bb hover_enabled=\u00a0\u00bb0&Prime; global_colors_info=\u00a0\u00bb{}\u00a0\u00bb sticky_enabled=\u00a0\u00bb0&Prime;]<p>Pour vous aider \u00e0 acc\u00e9der plus rapidement au statut d&rsquo;OEA nous allons mettre \u00e0 votre disposition un environnement \u00e0 partir duquel vous allez pouvoir pr\u00e9senter votre entreprise.<\/p>\n<p>C&rsquo;est ainsi que dans une premier temps nous allons vous mettre \u00e0 disposition un espace d&rsquo;accueil des donn\u00e9es de votre entreprise \u00e0 partir duquel vous allez pouvoir d\u00e9montrer votre capacit\u00e9 \u00e0 r\u00e9pondre aux exigences de l&rsquo;OMD et donc de votre Direction G\u00e9n\u00e9rale des Doaunes.<\/p>\n<p>Cet espace, si vous ne l&rsquo;avez pas d\u00e9j\u00e0 fait, peut \u00e0 terme, devenir l&rsquo;outil de pliotage de votre entreprise mais pour le moment il va \u00eatre le miroir de votre savoir-faire.<\/p>\n<p>Nous allons pr\u00e9senter votre entreprise du point de vue ISO tel que l&rsquo;OMD le recommande \u00e0 travers les directives OEA.<\/p>\n<p>Si vous en \u00eates \u00e0 ce stade du projet c&rsquo;est que vous vous \u00eates d\u00e9j\u00e0 inscrit sur la plateforme \u00e0 travers le guichet virtuel qui est mis \u00e0 votre disposition et que, sur la base des premiers crit\u00e8res que vous avez indiqu\u00e9s, votre entreprise soit \u00e9ligible au statut d&rsquo;OEA. Vous devez maintenant compl\u00e9ter votre demande, apr\u00e8s cette premi\u00e8re \u00e9tape vous allez recevoir un formulaire appel\u00e9 QUESTIONNAIRE d&rsquo;AUTO-EVALUATION qu&rsquo;il faudra compl\u00e9ter.<\/p>[\/et_pb_text][et_pb_text _builder_version=\u00a0\u00bb4.17.6&Prime; _module_preset=\u00a0\u00bbdefault\u00a0\u00bb global_colors_info=\u00a0\u00bb{}\u00a0\u00bb]<h2><span style=\"color: #ff0000;\"><strong>NOS PRESTATIONS D&rsquo;ACCOMPAGNEMENT<\/strong><\/span><\/h2>\n<p>Les prestations qui vous sont propos\u00e9es sont fournies \u00e0 partir de ressources du pays auquel la plateforme a \u00e9t\u00e9 mise en service. Cependant il se peut que d&rsquo;autres collaborateurs interviennent \u00e0 distance pour vous apporter le support n\u00e9cessaire.<\/p>\n<p><strong>Vous pouvez consulter la liste de nos prestations et les tarifs de prise en charge. <a href=\"https:\/\/guichet-online.com\/?page_id=30222\"><span style=\"color: #0000ff;\">Cliquez ici<\/span><\/a>.<\/strong><\/p>[\/et_pb_text][et_pb_text _builder_version=\u00a0\u00bb4.17.6&Prime; _module_preset=\u00a0\u00bbdefault\u00a0\u00bb hover_enabled=\u00a0\u00bb0&Prime; global_colors_info=\u00a0\u00bb{}\u00a0\u00bb sticky_enabled=\u00a0\u00bb0&Prime;]<p>Notre plateforme a \u00e9t\u00e9 mise en place pour vous accompagner\u00a0 au statut d&rsquo;OEA. Si vous avez quelques difficult\u00e9s pour compl\u00e9ter les formulaires que vous avez re\u00e7us nous sommes l\u00e0 pour vous aider. Chaque formulaire vous pr\u00e9sente, en d\u00e9tails, les r\u00e9ponses \u00e0 donner aux questions et vous demande de joindre les documents n\u00e9cessaires.<\/p>\n<p>&#8211; <strong>Vos documents sont d\u00e9j\u00e0 archiv\u00e9s et accessibles<\/strong> depuis votre environnement informatique, il vous suffit de les s\u00e9lectionner;<\/p>\n<p>&#8211; <strong>Vos documents sont encore aux format &lsquo;Papier&rsquo;<\/strong>, rassurez-vous la plateforme et l&rsquo;espace qui vous est allou\u00e9 vous donne acc\u00e8s \u00e0 un composant GED, il vous suffira de scanner ces docuemnts et nous nous chargerons de les mettre \u00e0 disposition.<\/p>\n<p><strong>Voici la liste des <span style=\"color: #000000;\">prestations <\/span>que nous mettons \u00e0 votre disposition:<\/strong><\/p>\n<ul>\n<li>Prise en charge du formulaire de demande <a href=\"https:\/\/guichet-online.com\/?product=accompagnement-a-la-saisie-des-informations-du-formulaire-de-demande\" target=\"_blank\" rel=\"noopener\"><span style=\"color: #0000ff;\"><strong>(aide au compl\u00e9ment d&rsquo;information)<\/strong><\/span><\/a><\/li>\n<li>Prise en charge du formulaire d&rsquo;auto-\u00e9valuation <a href=\"https:\/\/guichet-online.com\/?page_id=30083\" target=\"_blank\" rel=\"noopener\"><strong><span style=\"color: #0000ff;\">(aide au compl\u00e9ment d&rsquo;information)<\/span><\/strong><\/a><\/li>\n<li>Prise en charge de la <a href=\"https:\/\/guichet-online.com\/?page_id=30337\"><span style=\"color: #0000ff;\"><strong>pr\u00e9sentation de votre entreprise<\/strong><\/span><\/a> selon recommndations OMD (ISO Qualit\u00e9, gestion des risques, tableaux de bord)<\/li>\n<\/ul>\n<p>Toutes les informations collect\u00e9es sont accessibles depuis la plateforme et \u00e0 partir de votre espace entreprise.<\/p>\n<p><strong>Si vous \u00eates une partie prenante de la chaine d&rsquo;approvionnement d\u00e9sign\u00e9e par le candidat au statut d&rsquo;OEA,<\/strong> il va vous \u00eatre demand\u00e9 de pr\u00e9senter \u00e0 l&rsquo;auditeur la fa\u00e7on dont vous r\u00e9pondez aux exigences en mati\u00e8re des processus de s\u00e9curisation que vous avez mis en place.<\/p>\n<p>A travers notre plateforme vous pouvez aussi promomouvoir votre savoir-faire en la mati\u00e8re en pr\u00e9sentant les mesures que vous avez mises en place. Pour cela nous proposons des prestations d&rsquo;accompagnement au <a href=\"https:\/\/guichet-online.com\/?page_id=30481\"><strong><span style=\"color: #0000ff;\">d\u00e9ploiement des \u00e9l\u00e9ments de la norme ISO 28001-2017 recommand\u00e9e <\/span><\/strong><\/a><span style=\"color: #000000;\">par l&rsquo;OMD.<\/span><\/p>\n<p>&nbsp;<\/p>\n<p>&nbsp;<\/p>\n<p>&nbsp;<\/p>\n<p>&nbsp;<\/p>\n<p>&nbsp;<\/p>\n<p>&nbsp;<\/p>\n<p>&nbsp;<\/p>\n<p>&nbsp;<\/p>\n<p>&nbsp;<\/p>\n<p>&nbsp;<\/p>\n<p>&nbsp;<\/p>\n<p>&nbsp;<\/p>\n<p>&nbsp;<\/p>\n<p>&nbsp;<\/p>\n<p>&nbsp;<\/p>\n<p>&nbsp;<\/p>\n<p>&nbsp;<\/p>\n<p>&nbsp;<\/p>\n<p>&nbsp;<\/p>\n<p>&nbsp;<\/p>[\/et_pb_text][\/et_pb_column][\/et_pb_row][\/et_pb_section]\n","protected":false},"excerpt":{"rendered":"<p>ACCOMPAGNEMENT POUR PRISE EN CHARGE DE VOS DONNEESQUELQUES PRECISIONS AVANT DE NOUS METTRE AU TRAVAILPour vous aider \u00e0 acc\u00e9der plus rapidement au statut d&rsquo;OEA nous allons mettre \u00e0 votre disposition un environnement \u00e0 partir duquel vous allez pouvoir pr\u00e9senter votre entreprise. C&rsquo;est ainsi que dans une premier temps nous allons vous mettre \u00e0 disposition un [&hellip;]<\/p>\n","protected":false},"author":1,"featured_media":0,"parent":0,"menu_order":0,"comment_status":"closed","ping_status":"closed","template":"","meta":{"_et_pb_use_builder":"on","_et_pb_old_content":"","_et_gb_content_width":"","footnotes":""},"class_list":["post-30179","page","type-page","status-publish","hentry"],"_links":{"self":[{"href":"https:\/\/www.guichet-online.com\/index.php?rest_route=\/wp\/v2\/pages\/30179","targetHints":{"allow":["GET"]}}],"collection":[{"href":"https:\/\/www.guichet-online.com\/index.php?rest_route=\/wp\/v2\/pages"}],"about":[{"href":"https:\/\/www.guichet-online.com\/index.php?rest_route=\/wp\/v2\/types\/page"}],"author":[{"embeddable":true,"href":"https:\/\/www.guichet-online.com\/index.php?rest_route=\/wp\/v2\/users\/1"}],"replies":[{"embeddable":true,"href":"https:\/\/www.guichet-online.com\/index.php?rest_route=%2Fwp%2Fv2%2Fcomments&post=30179"}],"version-history":[{"count":27,"href":"https:\/\/www.guichet-online.com\/index.php?rest_route=\/wp\/v2\/pages\/30179\/revisions"}],"predecessor-version":[{"id":224403,"href":"https:\/\/www.guichet-online.com\/index.php?rest_route=\/wp\/v2\/pages\/30179\/revisions\/224403"}],"wp:attachment":[{"href":"https:\/\/www.guichet-online.com\/index.php?rest_route=%2Fwp%2Fv2%2Fmedia&parent=30179"}],"curies":[{"name":"wp","href":"https:\/\/api.w.org\/{rel}","templated":true}]}}