{"id":30337,"date":"2024-02-01T19:42:17","date_gmt":"2024-02-01T18:42:17","guid":{"rendered":"https:\/\/guichet-online.com\/?page_id=30337"},"modified":"2024-02-04T11:05:13","modified_gmt":"2024-02-04T10:05:13","slug":"30337-2","status":"publish","type":"page","link":"https:\/\/www.guichet-online.com\/?page_id=30337","title":{"rendered":"ESPACE CLIENT DEMANDEUR"},"content":{"rendered":"\n[et_pb_section fb_built=\u00a0\u00bb1&Prime; _builder_version=\u00a0\u00bb4.17.6&Prime; _module_preset=\u00a0\u00bbdefault\u00a0\u00bb global_colors_info=\u00a0\u00bb{}\u00a0\u00bb][et_pb_row _builder_version=\u00a0\u00bb4.17.6&Prime; _module_preset=\u00a0\u00bbdefault\u00a0\u00bb global_colors_info=\u00a0\u00bb{}\u00a0\u00bb][et_pb_column type=\u00a0\u00bb4_4&Prime; _builder_version=\u00a0\u00bb4.17.6&Prime; _module_preset=\u00a0\u00bbdefault\u00a0\u00bb global_colors_info=\u00a0\u00bb{}\u00a0\u00bb][et_pb_text _builder_version=\u00a0\u00bb4.17.6&Prime; _module_preset=\u00a0\u00bbdefault\u00a0\u00bb global_colors_info=\u00a0\u00bb{}\u00a0\u00bb]<h2 style=\"text-align: center;\"><span style=\"color: #ff0000;\"><strong>PRESTATIONS POUR PRISE EN CHARGE DE L&rsquo;ENVIRONNEMENT DU DEMANDEUR<\/strong><\/span><\/h2>[\/et_pb_text][et_pb_text _builder_version=\u00a0\u00bb4.17.6&Prime; _module_preset=\u00a0\u00bbdefault\u00a0\u00bb border_width_all=\u00a0\u00bb1px\u00a0\u00bb global_colors_info=\u00a0\u00bb{}\u00a0\u00bb]<h3><strong>Mise au point d\u2019un m\u00e9canisme de retour d\u2019informations concernant le programme d\u2019OEA<\/strong><\/h3>\n<p>Le programme d\u2019OEA doit continuellement aborder les domaines d\u2019\u00e9ligibilit\u00e9, l\u2019\u00e9valuation des risques et le contr\u00f4le, la s\u00e9curit\u00e9 de la cha\u00eene d\u2019approvisionnement, la validation et les exigences de conformit\u00e9.<\/p>\n<p>Les exigences du programme des partenaires internationaux, leurs mises \u00e0 niveau et les besoins sp\u00e9cifiques des pays concern\u00e9s doivent \u00eatre pris en compte lors de l\u2019\u00e9laboration du programme et continuer \u00e0 \u00e9voluer.<\/p>\n<p>Une description claire de tous les domaines \u00e0 risque devrait \u00eatre \u00e9tablie, ainsi que des actions de suivi pour les exigences sp\u00e9cifiques \u00e0 chaque pays.<\/p>\n<p><strong>C&rsquo;est dans cette objectif que nous proposons au client un environnement qui r\u00e9pond aux exigences de ce programme construit \u00e0 partir d&rsquo;une structure de base ISO.<\/strong><\/p>[\/et_pb_text][et_pb_wc_description product=\u00a0\u00bb30336&Prime; _builder_version=\u00a0\u00bb4.17.6&Prime; _module_preset=\u00a0\u00bbdefault\u00a0\u00bb hover_enabled=\u00a0\u00bb0&Prime; global_colors_info=\u00a0\u00bb{}\u00a0\u00bb sticky_enabled=\u00a0\u00bb0&Prime;][\/et_pb_wc_description][et_pb_wc_description product=\u00a0\u00bb30331&Prime; _builder_version=\u00a0\u00bb4.17.6&Prime; _module_preset=\u00a0\u00bbdefault\u00a0\u00bb hover_enabled=\u00a0\u00bb0&Prime; global_colors_info=\u00a0\u00bb{}\u00a0\u00bb sticky_enabled=\u00a0\u00bb0&Prime;][\/et_pb_wc_description][et_pb_wc_description product=\u00a0\u00bb30334&Prime; _builder_version=\u00a0\u00bb4.17.6&Prime; _module_preset=\u00a0\u00bbdefault\u00a0\u00bb hover_enabled=\u00a0\u00bb0&Prime; global_colors_info=\u00a0\u00bb{}\u00a0\u00bb sticky_enabled=\u00a0\u00bb0&Prime;][\/et_pb_wc_description][et_pb_wc_description product=\u00a0\u00bb30335&Prime; _builder_version=\u00a0\u00bb4.17.6&Prime; _module_preset=\u00a0\u00bbdefault\u00a0\u00bb hover_enabled=\u00a0\u00bb0&Prime; global_colors_info=\u00a0\u00bb{}\u00a0\u00bb sticky_enabled=\u00a0\u00bb0&Prime;][\/et_pb_wc_description][\/et_pb_column][\/et_pb_row][\/et_pb_section]\n","protected":false},"excerpt":{"rendered":"<p>PRESTATIONS POUR PRISE EN CHARGE DE L&rsquo;ENVIRONNEMENT DU DEMANDEURMise au point d\u2019un m\u00e9canisme de retour d\u2019informations concernant le programme d\u2019OEA Le programme d\u2019OEA doit continuellement aborder les domaines d\u2019\u00e9ligibilit\u00e9, l\u2019\u00e9valuation des risques et le contr\u00f4le, la s\u00e9curit\u00e9 de la cha\u00eene d\u2019approvisionnement, la validation et les exigences de conformit\u00e9. Les exigences du programme des partenaires internationaux, [&hellip;]<\/p>\n","protected":false},"author":1,"featured_media":0,"parent":0,"menu_order":0,"comment_status":"closed","ping_status":"closed","template":"","meta":{"_et_pb_use_builder":"on","_et_pb_old_content":"","_et_gb_content_width":"","footnotes":""},"class_list":["post-30337","page","type-page","status-publish","hentry"],"_links":{"self":[{"href":"https:\/\/www.guichet-online.com\/index.php?rest_route=\/wp\/v2\/pages\/30337","targetHints":{"allow":["GET"]}}],"collection":[{"href":"https:\/\/www.guichet-online.com\/index.php?rest_route=\/wp\/v2\/pages"}],"about":[{"href":"https:\/\/www.guichet-online.com\/index.php?rest_route=\/wp\/v2\/types\/page"}],"author":[{"embeddable":true,"href":"https:\/\/www.guichet-online.com\/index.php?rest_route=\/wp\/v2\/users\/1"}],"replies":[{"embeddable":true,"href":"https:\/\/www.guichet-online.com\/index.php?rest_route=%2Fwp%2Fv2%2Fcomments&post=30337"}],"version-history":[{"count":7,"href":"https:\/\/www.guichet-online.com\/index.php?rest_route=\/wp\/v2\/pages\/30337\/revisions"}],"predecessor-version":[{"id":30432,"href":"https:\/\/www.guichet-online.com\/index.php?rest_route=\/wp\/v2\/pages\/30337\/revisions\/30432"}],"wp:attachment":[{"href":"https:\/\/www.guichet-online.com\/index.php?rest_route=%2Fwp%2Fv2%2Fmedia&parent=30337"}],"curies":[{"name":"wp","href":"https:\/\/api.w.org\/{rel}","templated":true}]}}