{"id":30505,"date":"2024-02-07T14:10:53","date_gmt":"2024-02-07T13:10:53","guid":{"rendered":"https:\/\/guichet-online.com\/?page_id=30505"},"modified":"2024-02-12T09:38:56","modified_gmt":"2024-02-12T08:38:56","slug":"mise-en-oeuvre-du-programme-oea","status":"publish","type":"page","link":"https:\/\/www.guichet-online.com\/?page_id=30505","title":{"rendered":"LE PROGRAMME OEA"},"content":{"rendered":"<p>[et_pb_section fb_built=\u00a0\u00bb1&Prime; _builder_version=\u00a0\u00bb4.17.6&Prime; _module_preset=\u00a0\u00bbdefault\u00a0\u00bb global_colors_info=\u00a0\u00bb{}\u00a0\u00bb][et_pb_row _builder_version=\u00a0\u00bb4.17.6&Prime; _module_preset=\u00a0\u00bbdefault\u00a0\u00bb global_colors_info=\u00a0\u00bb{}\u00a0\u00bb][et_pb_column type=\u00a0\u00bb4_4&Prime; _builder_version=\u00a0\u00bb4.17.6&Prime; _module_preset=\u00a0\u00bbdefault\u00a0\u00bb global_colors_info=\u00a0\u00bb{}\u00a0\u00bb][et_pb_text _builder_version=\u00a0\u00bb4.17.6&Prime; _module_preset=\u00a0\u00bbdefault\u00a0\u00bb hover_enabled=\u00a0\u00bb0&Prime; global_colors_info=\u00a0\u00bb{}\u00a0\u00bb sticky_enabled=\u00a0\u00bb0&Prime;]<\/p>\n<h1><span style=\"color: #ff0000;\"><strong>MISE EN OEUVRE\/LANCEMENT DU PROGRAMME OEA<\/strong><\/span><\/h1>\n<p><span style=\"color: #ff0000;\"><strong><\/strong><\/span><\/p>\n<p><span style=\"color: #ff0000;\"><strong><\/strong><\/span><\/p>\n<p><span style=\"color: #000000;\">Nous apportons notre support \u00e0 la mise en oeuvre du programme OEA du pays, sa r\u00e9ussite d\u00e9pend du soutien et de l&rsquo;adh\u00e9sion de la direction pour garantir un soutien continu et le financement n\u00e9cessaire \u00e0 son d\u00e9veloppement et \u00e0 sa maintenance.<\/span><\/p>\n<p><span style=\"color: #000000;\">Le soutien public de l&rsquo;image de l&rsquo;OEA est primordial et il va s&rsquo;appuyer sur les ressources n\u00e9cessaires pour sa r\u00e9ussite. Chaque pays a d\u00e9velopp\u00e9 un argumentaire pour une analyse co\u00fbts\/avantages afin de mettre en \u00e9vidence le potentiel du programme, d&rsquo;identifier les implications en termes de ressources et le retour sur investissement et de d\u00e9crire les exigences d&rsquo;un tel programme.<\/span><\/p>\n<p><span style=\"color: #000000;\">Notre interlocuteur local sera le coordinateur OEA et le groupe de travail qui a \u00e9t\u00e9 mis en place par la Direction G\u00e9n\u00e9rale. C&rsquo;est ainsi qu&rsquo;il est important de tenir compte des diveres branches d&rsquo;activit\u00e9 que le programme va couvrir (\u00e0 savoir les importateurs\/exportateurs, les transporteurs dans chaque mode de transport, les prestataires de service\/agents en douane, les transitaires, le commerc international).<\/span><\/p>\n<p><span style=\"color: #000000;\">Chaque pays a mis en place une structure de management et une \u00e9quipe responsable du d\u00e9veloppement et de la mise en oeuvre du programme et nous allons apporter notre support \u00e0 cette structure au niveau administration, formation, mise en oeuvre, suivi, reporting, marketing et sensibilisation.<\/span><span style=\"color: #000000;\"><\/span><\/p>\n<p><span style=\"color: #000000;\"><\/span>De m\u00eame l&rsquo;usage de la technologie est recommand\u00e9 pour une meilleure gestion du programme d&rsquo;OEA, pour communiquer avec les op\u00e9rateurs, pour les applications \u00e9lectroniques, l&rsquo;\u00e9change de donn\u00e9es avec les memebres du programme et\/ou d&rsquo;autres administrations des doaunes, des futurs ARM et la mise \u00e0 disposition des avantages du programme, c&rsquo;est ce \u00e0 quoi nous r\u00e9pondons \u00e0 travers l&rsquo;organisation qui vous est pr\u00e9sent\u00e9e.<\/p>\n<p>C&rsquo;est ainsi que nous mettons \u00e0 disposition un m\u00e9canisme qui permet d&rsquo;identifier et de reconnaitre les membres OEA dans les syst\u00e8mes de traitement douanier.<\/p>\n<p>A travers l&rsquo;organisation que nous avons mise en place au niveau de la plateforme de chaque pays, la formation aux normes internationales est assur\u00e9e de fa\u00e7on \u00e0 ce que les agents poss\u00e8dent les comp\u00e9tences n\u00e9cessaires pour mettre en oeuvre le progarmme dans le respect des recommandations faites par l&rsquo;OMD en la mati\u00e8re, sur la base du cadre de normes SDAFE et l&rsquo;article 7.7 de l&rsquo;accord OMC sur la facilitation des \u00e9changes.<\/p>\n<p><span style=\"color: #000000;\"><\/span><\/p>\n<p>[\/et_pb_text][et_pb_text _builder_version=\u00a0\u00bb4.17.6&Prime; _module_preset=\u00a0\u00bbdefault\u00a0\u00bb global_colors_info=\u00a0\u00bb{}\u00a0\u00bb]<\/p>\n<h2><span style=\"color: #ff0000;\"><strong>PLANIFICATION, CONCEPTION ET DEVELOPPEMENT DU PROGRAMME OEA<\/strong><\/span><\/h2>\n<p><span style=\"color: #000000;\"><\/span><\/p>\n<p>[\/et_pb_text][et_pb_text _builder_version=\u00a0\u00bb4.17.6&Prime; _module_preset=\u00a0\u00bbdefault\u00a0\u00bb custom_padding=\u00a0\u00bb||0px|||\u00a0\u00bb global_colors_info=\u00a0\u00bb{}\u00a0\u00bb]<\/p>\n<p>Nous nous sommes appuy\u00e9s sur les normes et directives internationales de l&rsquo;OMD sur les OEA, nous avons pris en compte les exigences du programme OEA dans les domaines requis, \u00e9ligibilit\u00e9, \u00e9valuation des risques et v\u00e9rifications, s\u00fbret\u00e9 de la chaine logistique, validation et conformit\u00e9 en mettant en place une dimension ISO au structure de fonctionnement de notre plateforme et de l&rsquo;accueil de la donn\u00e9e client.<\/p>\n<p>[\/et_pb_text][et_pb_image src=\u00a0\u00bbhttps:\/\/guichet-online.com\/wp-content\/uploads\/2024\/02\/Organisation-.jpg\u00a0\u00bb title_text=\u00a0\u00bbOrganisation\u00a0\u00bb _builder_version=\u00a0\u00bb4.17.6&Prime; _module_preset=\u00a0\u00bbdefault\u00a0\u00bb global_colors_info=\u00a0\u00bb{}\u00a0\u00bb][\/et_pb_image][et_pb_text _builder_version=\u00a0\u00bb4.17.6&Prime; _module_preset=\u00a0\u00bbdefault\u00a0\u00bb global_colors_info=\u00a0\u00bb{}\u00a0\u00bb]<\/p>\n<p>Dans le cadre du programme OEA, la prise en compte des parties prenantes est primordiale pendant le d\u00e9veloppement du programme OEA. L&rsquo;engagement du secteur priv\u00e9 d\u00e8s le commencement et l&rsquo;entretien d&rsquo;une collaboration positive vont aider \u00e0 garantir le succ\u00e8s de votre programme OEA.<\/p>\n<p>[\/et_pb_text][\/et_pb_column][\/et_pb_row][\/et_pb_section]<\/p>\n","protected":false},"excerpt":{"rendered":"<p>MISE EN OEUVRE\/LANCEMENT DU PROGRAMME OEA Nous apportons notre support \u00e0 la mise en oeuvre du programme OEA du pays, sa r\u00e9ussite d\u00e9pend du soutien et de l&rsquo;adh\u00e9sion de la direction pour garantir un soutien continu et le financement n\u00e9cessaire \u00e0 son d\u00e9veloppement et \u00e0 sa maintenance. Le soutien public de l&rsquo;image de l&rsquo;OEA est [&hellip;]<\/p>\n","protected":false},"author":1,"featured_media":0,"parent":0,"menu_order":0,"comment_status":"closed","ping_status":"closed","template":"","meta":{"_et_pb_use_builder":"on","_et_pb_old_content":"<!-- wp:embed {\"providerNameSlug\":\"wordpress\"} \/-->","_et_gb_content_width":"","footnotes":""},"class_list":["post-30505","page","type-page","status-publish","hentry"],"_links":{"self":[{"href":"https:\/\/www.guichet-online.com\/index.php?rest_route=\/wp\/v2\/pages\/30505","targetHints":{"allow":["GET"]}}],"collection":[{"href":"https:\/\/www.guichet-online.com\/index.php?rest_route=\/wp\/v2\/pages"}],"about":[{"href":"https:\/\/www.guichet-online.com\/index.php?rest_route=\/wp\/v2\/types\/page"}],"author":[{"embeddable":true,"href":"https:\/\/www.guichet-online.com\/index.php?rest_route=\/wp\/v2\/users\/1"}],"replies":[{"embeddable":true,"href":"https:\/\/www.guichet-online.com\/index.php?rest_route=%2Fwp%2Fv2%2Fcomments&post=30505"}],"version-history":[{"count":19,"href":"https:\/\/www.guichet-online.com\/index.php?rest_route=\/wp\/v2\/pages\/30505\/revisions"}],"predecessor-version":[{"id":224398,"href":"https:\/\/www.guichet-online.com\/index.php?rest_route=\/wp\/v2\/pages\/30505\/revisions\/224398"}],"wp:attachment":[{"href":"https:\/\/www.guichet-online.com\/index.php?rest_route=%2Fwp%2Fv2%2Fmedia&parent=30505"}],"curies":[{"name":"wp","href":"https:\/\/api.w.org\/{rel}","templated":true}]}}