{"id":30040,"date":"2024-01-25T10:35:09","date_gmt":"2024-01-25T09:35:09","guid":{"rendered":"https:\/\/guichet-online.com\/?post_type=product&#038;p=30040"},"modified":"2024-01-29T17:51:08","modified_gmt":"2024-01-29T16:51:08","slug":"point-g-securite-du-fret","status":"publish","type":"product","link":"https:\/\/www.guichet-online.com\/?product=point-g-securite-du-fret","title":{"rendered":"Point  G: S\u00e9curit\u00e9 du fret"},"content":{"rendered":"<p>[et_pb_section fb_built=\u00a0\u00bb1&Prime; _builder_version=\u00a0\u00bb4.16&Prime; custom_padding=\u00a0\u00bb0px||||false|false\u00a0\u00bb global_colors_info=\u00a0\u00bb{}\u00a0\u00bb][et_pb_row _builder_version=\u00a0\u00bb4.16&Prime; background_size=\u00a0\u00bbinitial\u00a0\u00bb background_position=\u00a0\u00bbtop_left\u00a0\u00bb background_repeat=\u00a0\u00bbrepeat\u00a0\u00bb width=\u00a0\u00bb100%\u00a0\u00bb custom_padding=\u00a0\u00bb0px||0px||false|false\u00a0\u00bb global_colors_info=\u00a0\u00bb{}\u00a0\u00bb][et_pb_column type=\u00a0\u00bb4_4&Prime; _builder_version=\u00a0\u00bb4.16&Prime; custom_padding=\u00a0\u00bb|||\u00a0\u00bb global_colors_info=\u00a0\u00bb{}\u00a0\u00bb custom_padding__hover=\u00a0\u00bb|||\u00a0\u00bb][\/et_pb_column][\/et_pb_row][et_pb_row column_structure=\u00a0\u00bb1_2,1_2&Prime; _builder_version=\u00a0\u00bb4.16&Prime; background_size=\u00a0\u00bbinitial\u00a0\u00bb background_position=\u00a0\u00bbtop_left\u00a0\u00bb background_repeat=\u00a0\u00bbrepeat\u00a0\u00bb width=\u00a0\u00bb100%\u00a0\u00bb custom_padding=\u00a0\u00bb0px||||false|false\u00a0\u00bb global_colors_info=\u00a0\u00bb{}\u00a0\u00bb][et_pb_column type=\u00a0\u00bb1_2&Prime; _builder_version=\u00a0\u00bb4.16&Prime; custom_padding=\u00a0\u00bb|||\u00a0\u00bb global_colors_info=\u00a0\u00bb{}\u00a0\u00bb custom_padding__hover=\u00a0\u00bb|||\u00a0\u00bb][et_pb_wc_images _builder_version=\u00a0\u00bb4.17.6&Prime; custom_margin=\u00a0\u00bb65px||||false|false\u00a0\u00bb global_colors_info=\u00a0\u00bb{}\u00a0\u00bb][\/et_pb_wc_images][\/et_pb_column][et_pb_column type=\u00a0\u00bb1_2&Prime; _builder_version=\u00a0\u00bb4.16&Prime; custom_padding=\u00a0\u00bb|||\u00a0\u00bb global_colors_info=\u00a0\u00bb{}\u00a0\u00bb custom_padding__hover=\u00a0\u00bb|||\u00a0\u00bb][et_pb_wc_title _builder_version=\u00a0\u00bb4.17.6&Prime; header_font=\u00a0\u00bb|700|||||||\u00a0\u00bb custom_margin=\u00a0\u00bb|||15px|false|false\u00a0\u00bb global_colors_info=\u00a0\u00bb{}\u00a0\u00bb][\/et_pb_wc_title][et_pb_wc_price _builder_version=\u00a0\u00bb4.17.6&Prime; body_font=\u00a0\u00bb|700|||||||\u00a0\u00bb custom_margin=\u00a0\u00bb20px|||15px|false|false\u00a0\u00bb global_colors_info=\u00a0\u00bb{}\u00a0\u00bb][\/et_pb_wc_price][et_pb_wc_description _builder_version=\u00a0\u00bb4.17.6&Prime; body_text_color=\u00a0\u00bb#000000&Prime; body_font_size=\u00a0\u00bb16px\u00a0\u00bb custom_margin=\u00a0\u00bb10px|||15px|false|false\u00a0\u00bb global_colors_info=\u00a0\u00bb{}\u00a0\u00bb][\/et_pb_wc_description][et_pb_wc_add_to_cart show_quantity=\u00a0\u00bboff\u00a0\u00bb show_stock=\u00a0\u00bboff\u00a0\u00bb _builder_version=\u00a0\u00bb4.17.6&Prime; custom_margin=\u00a0\u00bb10px|||5px|false|false\u00a0\u00bb global_colors_info=\u00a0\u00bb{}\u00a0\u00bb][\/et_pb_wc_add_to_cart][\/et_pb_column][\/et_pb_row][et_pb_row _builder_version=\u00a0\u00bb4.16&Prime; background_size=\u00a0\u00bbinitial\u00a0\u00bb background_position=\u00a0\u00bbtop_left\u00a0\u00bb background_repeat=\u00a0\u00bbrepeat\u00a0\u00bb width=\u00a0\u00bb100%\u00a0\u00bb global_colors_info=\u00a0\u00bb{}\u00a0\u00bb][et_pb_column type=\u00a0\u00bb4_4&Prime; _builder_version=\u00a0\u00bb4.16&Prime; custom_padding=\u00a0\u00bb|||\u00a0\u00bb global_colors_info=\u00a0\u00bb{}\u00a0\u00bb custom_padding__hover=\u00a0\u00bb|||\u00a0\u00bb][et_pb_wc_tabs _builder_version=\u00a0\u00bb4.17.6&Prime; custom_margin=\u00a0\u00bb-30px||||false|false\u00a0\u00bb global_colors_info=\u00a0\u00bb{}\u00a0\u00bb]\t\t\t\t\t[\/et_pb_wc_tabs][\/et_pb_column][\/et_pb_row][\/et_pb_section]<\/p>\n","protected":false},"excerpt":{"rendered":"<p><strong>Les crit\u00e8res G, H, L et M exigent qu\u2019un demandeur proc\u00e8de \u00e0 des \u00e9valuations r\u00e9guli\u00e8res des risques de s\u00e9curit\u00e9 dans ses op\u00e9rations et prenne les mesures appropri\u00e9es pour att\u00e9nuer ces risques. Un demandeur est tenu de satisfaire \u00e0 chaque crit\u00e8re, mais uniquement dans la mesure o\u00f9 le crit\u00e8re est pertinent pour les activit\u00e9s qu\u2019il entreprend dans le cadre de sa cha\u00eene logistique internationale.<\/strong><br \/>\nLa mani\u00e8re de s\u00e9curiser le fret peut varier en fonction du type de fret et du moyen de transport (conteneur, vrac, etc.).<br \/>\nLe formulaire va vous accompagner pour r\u00e9pondre aux crit\u00e8res suivants:<br \/>\n&#8211; Syst\u00e8me de gestion de la s\u00e9curit\u00e9 du fret<br \/>\n&#8211; Chargement et r\u00e9ception du fret<br \/>\n&#8211; S\u00e9curit\u00e9 \u00e0 l&rsquo;exportation<br \/>\n&#8211; Syst\u00e8me de gestion de la s\u00e9curit\u00e9 des conteneurs<br \/>\n&#8211; Inspection des conteneurs<br \/>\n&#8211; Scellement des conteneurs<br \/>\n&#8211; Stockage des conteneurs<br \/>\n&#8211; V\u00e9rification de l&rsquo;identit\u00e9 des conducteurs<\/p>\n","protected":false},"featured_media":29712,"template":"","meta":{"_et_pb_use_builder":"on","_et_pb_old_content":"Des mesures de s\u00e9curit\u00e9 doivent \u00eatre instaur\u00e9es afin de garantir l\u2019int\u00e9grit\u00e9 du fret et de pr\u00e9venir toute pratique irr\u00e9guli\u00e8re concernant le flux de marchandises (transport, manutention et stockage du fret) dans la cha\u00eene logistique internationale.\r\nSelon les activit\u00e9s concern\u00e9es, ces mesures doivent porter sur :\r\n\u2022 Le soutien de la direction g\u00e9n\u00e9rale \u00e0 un programme de s\u00fbret\u00e9 de la cha\u00eene logistique (d\u00e9claration \u00e9crite de soutien) et un \u00e9l\u00e9ment de surveillance appropri\u00e9 (processus d\u2019audit en place pour s\u2019assurer que les protocoles mis en \u0153uvre par l\u2019entreprise sont respect\u00e9s et sont toujours viables) ;\r\n\u2022 L\u2019application d\u2019une proc\u00e9dure visant \u00e0 v\u00e9rifier l\u2019int\u00e9grit\u00e9 des unit\u00e9s de fret (y compris l\u2019apposition de scell\u00e9s et un processus d\u2019inspection en sept points (ext\u00e9rieur, portes int\u00e9rieures\/ext\u00e9rieures, c\u00f4t\u00e9s droit et gauche, paroi avant, plafond\/toit, plancher\/int\u00e9rieur)) ;\r\n\u2022 Les proc\u00e9dures \u00e9crites qui pr\u00e9voient comment les scell\u00e9s doivent \u00eatre contr\u00f4l\u00e9s et appos\u00e9s sur les cargaisons et les moyens de transport (y compris des proc\u00e9dures pour reconna\u00eetre et signaler les scell\u00e9s compromis) ;\r\n\u2022 Les processus logistiques (y compris le choix du transitaire et des moyens de transport) ;\r\n\u2022 Les marchandises entrantes (y compris, le cas \u00e9ch\u00e9ant, les contr\u00f4les qualitatifs et quantitatifs) ;\r\n\u2022 Le stockage des marchandises (y compris les contr\u00f4les des stocks) ; et\r\n\u2022 La production des marchandises (y compris les contr\u00f4les qualitatifs) ; l\u2019emballage des marchandises (y compris les renseignements sur l\u2019emballage).\r\n<strong>Les crit\u00e8res G, H, L et M exigent qu\u2019un demandeur proc\u00e8de \u00e0 des \u00e9valuations r\u00e9guli\u00e8res des risques de s\u00e9curit\u00e9 dans ses op\u00e9rations et prenne les mesures appropri\u00e9es pour att\u00e9nuer ces risques. Un demandeur est tenu de satisfaire \u00e0 chaque crit\u00e8re, mais uniquement dans la mesure o\u00f9 le crit\u00e8re est pertinent pour les activit\u00e9s qu\u2019il entreprend dans le cadre de sa cha\u00eene logistique internationale.<\/strong>\r\nLa mani\u00e8re de s\u00e9curiser le fret peut varier en fonction du type de fret et du moyen de transport (conteneur, vrac, etc.).","_et_gb_content_width":""},"product_brand":[],"product_cat":[36,39],"product_tag":[],"class_list":{"0":"post-30040","1":"product","2":"type-product","3":"status-publish","4":"has-post-thumbnail","6":"product_cat-accompagnement","7":"product_cat-prescription-douanieres","9":"first","10":"instock","11":"virtual","12":"purchasable","13":"product-type-simple"},"_links":{"self":[{"href":"https:\/\/www.guichet-online.com\/index.php?rest_route=\/wp\/v2\/product\/30040","targetHints":{"allow":["GET"]}}],"collection":[{"href":"https:\/\/www.guichet-online.com\/index.php?rest_route=\/wp\/v2\/product"}],"about":[{"href":"https:\/\/www.guichet-online.com\/index.php?rest_route=\/wp\/v2\/types\/product"}],"wp:featuredmedia":[{"embeddable":true,"href":"https:\/\/www.guichet-online.com\/index.php?rest_route=\/wp\/v2\/media\/29712"}],"wp:attachment":[{"href":"https:\/\/www.guichet-online.com\/index.php?rest_route=%2Fwp%2Fv2%2Fmedia&parent=30040"}],"wp:term":[{"taxonomy":"product_brand","embeddable":true,"href":"https:\/\/www.guichet-online.com\/index.php?rest_route=%2Fwp%2Fv2%2Fproduct_brand&post=30040"},{"taxonomy":"product_cat","embeddable":true,"href":"https:\/\/www.guichet-online.com\/index.php?rest_route=%2Fwp%2Fv2%2Fproduct_cat&post=30040"},{"taxonomy":"product_tag","embeddable":true,"href":"https:\/\/www.guichet-online.com\/index.php?rest_route=%2Fwp%2Fv2%2Fproduct_tag&post=30040"}],"curies":[{"name":"wp","href":"https:\/\/api.w.org\/{rel}","templated":true}]}}