{"id":30479,"date":"2024-02-06T16:16:13","date_gmt":"2024-02-06T15:16:13","guid":{"rendered":"https:\/\/guichet-online.com\/?post_type=product&#038;p=30479"},"modified":"2024-02-06T18:51:21","modified_gmt":"2024-02-06T17:51:21","slug":"demarche-iso-28001-les-risques-residuels","status":"publish","type":"product","link":"https:\/\/www.guichet-online.com\/?product=demarche-iso-28001-les-risques-residuels","title":{"rendered":"DEMARCHE ISO 28001 LES RISQUES RESIDUELS"},"content":{"rendered":"<p>[et_pb_section fb_built=\u00a0\u00bb1&Prime; _builder_version=\u00a0\u00bb4.16&Prime; custom_padding=\u00a0\u00bb0px||||false|false\u00a0\u00bb global_colors_info=\u00a0\u00bb{}\u00a0\u00bb][et_pb_row _builder_version=\u00a0\u00bb4.16&Prime; background_size=\u00a0\u00bbinitial\u00a0\u00bb background_position=\u00a0\u00bbtop_left\u00a0\u00bb background_repeat=\u00a0\u00bbrepeat\u00a0\u00bb width=\u00a0\u00bb100%\u00a0\u00bb custom_padding=\u00a0\u00bb0px||0px||false|false\u00a0\u00bb global_colors_info=\u00a0\u00bb{}\u00a0\u00bb][et_pb_column type=\u00a0\u00bb4_4&Prime; _builder_version=\u00a0\u00bb4.16&Prime; custom_padding=\u00a0\u00bb|||\u00a0\u00bb global_colors_info=\u00a0\u00bb{}\u00a0\u00bb custom_padding__hover=\u00a0\u00bb|||\u00a0\u00bb][\/et_pb_column][\/et_pb_row][et_pb_row _builder_version=\u00a0\u00bb4.17.6&Prime; background_size=\u00a0\u00bbinitial\u00a0\u00bb background_position=\u00a0\u00bbtop_left\u00a0\u00bb background_repeat=\u00a0\u00bbrepeat\u00a0\u00bb width=\u00a0\u00bb100%\u00a0\u00bb custom_padding=\u00a0\u00bb0px||||false|false\u00a0\u00bb global_colors_info=\u00a0\u00bb{}\u00a0\u00bb][et_pb_column type=\u00a0\u00bb4_4&Prime; _builder_version=\u00a0\u00bb4.16&Prime; custom_padding=\u00a0\u00bb|||\u00a0\u00bb global_colors_info=\u00a0\u00bb{}\u00a0\u00bb custom_padding__hover=\u00a0\u00bb|||\u00a0\u00bb][et_pb_wc_title _builder_version=\u00a0\u00bb4.17.6&Prime; header_font=\u00a0\u00bb|700|||||||\u00a0\u00bb header_text_color=\u00a0\u00bb#FF0000&Prime; custom_margin=\u00a0\u00bb|||15px|false|false\u00a0\u00bb global_colors_info=\u00a0\u00bb{}\u00a0\u00bb][\/et_pb_wc_title][et_pb_wc_price _builder_version=\u00a0\u00bb4.17.6&Prime; body_font=\u00a0\u00bb|700|||||||\u00a0\u00bb custom_margin=\u00a0\u00bb|||15px|false|false\u00a0\u00bb global_colors_info=\u00a0\u00bb{}\u00a0\u00bb][\/et_pb_wc_price][et_pb_wc_description _builder_version=\u00a0\u00bb4.17.6&Prime; custom_margin=\u00a0\u00bb|||15px|false|false\u00a0\u00bb global_colors_info=\u00a0\u00bb{}\u00a0\u00bb][\/et_pb_wc_description][et_pb_wc_add_to_cart show_quantity=\u00a0\u00bboff\u00a0\u00bb show_stock=\u00a0\u00bboff\u00a0\u00bb _builder_version=\u00a0\u00bb4.17.6&Prime; custom_margin=\u00a0\u00bb|||15px|false|false\u00a0\u00bb global_colors_info=\u00a0\u00bb{}\u00a0\u00bb][\/et_pb_wc_add_to_cart][et_pb_image src=\u00a0\u00bbhttps:\/\/guichet-online.com\/wp-content\/uploads\/2024\/02\/ISO-28001-2-scaled.jpg\u00a0\u00bb title_text=\u00a0\u00bbISO 28001-2&Prime; _builder_version=\u00a0\u00bb4.17.6&Prime; _module_preset=\u00a0\u00bbdefault\u00a0\u00bb global_colors_info=\u00a0\u00bb{}\u00a0\u00bb][\/et_pb_image][\/et_pb_column][\/et_pb_row][et_pb_row _builder_version=\u00a0\u00bb4.16&Prime; background_size=\u00a0\u00bbinitial\u00a0\u00bb background_position=\u00a0\u00bbtop_left\u00a0\u00bb background_repeat=\u00a0\u00bbrepeat\u00a0\u00bb width=\u00a0\u00bb100%\u00a0\u00bb global_colors_info=\u00a0\u00bb{}\u00a0\u00bb][et_pb_column type=\u00a0\u00bb4_4&Prime; _builder_version=\u00a0\u00bb4.16&Prime; custom_padding=\u00a0\u00bb|||\u00a0\u00bb global_colors_info=\u00a0\u00bb{}\u00a0\u00bb custom_padding__hover=\u00a0\u00bb|||\u00a0\u00bb][et_pb_wc_tabs _builder_version=\u00a0\u00bb4.17.6&Prime; custom_margin=\u00a0\u00bb|||15px|false|false\u00a0\u00bb border_width_all=\u00a0\u00bb0px\u00a0\u00bb border_color_all=\u00a0\u00bb#000000&Prime; global_colors_info=\u00a0\u00bb{}\u00a0\u00bb]\t\t\t\t\t[\/et_pb_wc_tabs][\/et_pb_column][\/et_pb_row][\/et_pb_section]<\/p>\n","protected":false},"excerpt":{"rendered":"<h3><strong>GESTION DES RISQUES RESIDUELS \/ MESURES D&rsquo;APPLICATION\u00a0<\/strong><\/h3>\n<p>Analyse approfondie sur la base des objectifs et du contexte,<\/p>\n<p>La norme ISO 28001 relative au syst\u00e8me de gestion de la s\u00e9curit\u00e9 de la cha\u00eene d&rsquo;approvisionnement permet aux entreprises d&rsquo;identifier et de documenter des niveaux de s\u00e9curit\u00e9 raisonnables dans les cha\u00eenes d&rsquo;approvisionnement et les composants internationaux.<\/p>\n<p>De cette mani\u00e8re, les entreprises peuvent prendre des d\u00e9cisions plus pr\u00e9cises,<strong> fond\u00e9es sur les risques<\/strong>, en mati\u00e8re de s\u00e9curit\u00e9 dans les cha\u00eenes d&rsquo;approvisionnement internationales.<\/p>\n<h3><strong>Dur\u00e9e de la prestation 15 jours<\/strong><\/h3>\n<h4><\/h4>\n","protected":false},"featured_media":30477,"template":"","meta":{"_et_pb_use_builder":"on","_et_pb_old_content":"<h3><strong>GESTION DES RISQUES RESIDUELS \/ MESURES D'APPLICATION\u00a0<\/strong><\/h3>\r\nAnalyse approfondie sur la base des objectifs et du contexte,\r\n<table style=\"width: 927px;border-style: solid;border-color: #f50f0f\" border=\"-\" width=\"927\">\r\n<tbody>\r\n<tr>\r\n<td style=\"width: 352.1px\"><strong>Etape 1 :<\/strong> \u00a0Etablir le contexte identifier et \u00e9valuer les risques<\/td>\r\n<td style=\"width: 561.3px\">Plan d'audit est \u00e9laborer et le programme pr\u00e9sent\u00e9 \u00e0 la direction\r\nLa m\u00e9thode de conduite de l'\u00e9tape est valid\u00e9e par le chef de service et la direction<\/td>\r\n<\/tr>\r\n<tr>\r\n<td style=\"width: 352.1px\"><strong>Etape 2 :<\/strong> \u00a0Compiler les informations et les renseignements et analyser les processus et leurs objectifs<\/td>\r\n<td style=\"width: 561.3px\">Les objectifs du domaine audit\u00e9s sont pr\u00e9sent\u00e9s par le chef d'entreprise\r\nLes processus et eleurs objectifs sont identifi\u00e9s\r\nLes informations sont collect\u00e9es\r\nLes premiers indicateurs de performance identifi\u00e9s<\/td>\r\n<\/tr>\r\n<tr>\r\n<td style=\"width: 352.1px\"><strong>Etape 3 :<\/strong> \u00a0\u00a0Evaluation des risques:<\/td>\r\n<td style=\"width: 561.3px\">Risques identifi\u00e9s\r\nRisques analys\u00e9s (causes, et recommandations)\r\n- Probabilt\u00e9\r\n- Cons\u00e9quences\r\nRisques \u00e9valu\u00e9s et priorit\u00e9s mises en place<\/td>\r\n<\/tr>\r\n<tr>\r\n<td style=\"width: 352.1px\"><strong>Etape 4 :<\/strong> \u00a0\u00a0Traitement des risques<\/td>\r\n<td style=\"width: 561.3px\">Les causes sont identi\u00e9es et analys\u00e9es\r\nLes recommandations valid\u00e9es et appliqu\u00e9es\r\nLes observations sont document\u00e9es<\/td>\r\n<\/tr>\r\n<tr>\r\n<td style=\"width: 352.1px\"><strong>Etape 5 : \u00a0<\/strong>\u00a0Contr\u00f4le et examens<\/td>\r\n<td style=\"width: 561.3px\">Le plan d'audit est \u00e9labor\u00e9 sur la base des r\u00e9sultats de l'nalyse de risques<\/td>\r\n<\/tr>\r\n<\/tbody>\r\n<\/table>\r\n<h4><b>\u00a0<\/b><\/h4>","_et_gb_content_width":""},"product_brand":[],"product_cat":[57],"product_tag":[],"class_list":{"0":"post-30479","1":"product","2":"type-product","3":"status-publish","4":"has-post-thumbnail","6":"product_cat-iso-28001","8":"first","9":"instock","10":"shipping-taxable","11":"purchasable","12":"product-type-simple"},"_links":{"self":[{"href":"https:\/\/www.guichet-online.com\/index.php?rest_route=\/wp\/v2\/product\/30479","targetHints":{"allow":["GET"]}}],"collection":[{"href":"https:\/\/www.guichet-online.com\/index.php?rest_route=\/wp\/v2\/product"}],"about":[{"href":"https:\/\/www.guichet-online.com\/index.php?rest_route=\/wp\/v2\/types\/product"}],"wp:featuredmedia":[{"embeddable":true,"href":"https:\/\/www.guichet-online.com\/index.php?rest_route=\/wp\/v2\/media\/30477"}],"wp:attachment":[{"href":"https:\/\/www.guichet-online.com\/index.php?rest_route=%2Fwp%2Fv2%2Fmedia&parent=30479"}],"wp:term":[{"taxonomy":"product_brand","embeddable":true,"href":"https:\/\/www.guichet-online.com\/index.php?rest_route=%2Fwp%2Fv2%2Fproduct_brand&post=30479"},{"taxonomy":"product_cat","embeddable":true,"href":"https:\/\/www.guichet-online.com\/index.php?rest_route=%2Fwp%2Fv2%2Fproduct_cat&post=30479"},{"taxonomy":"product_tag","embeddable":true,"href":"https:\/\/www.guichet-online.com\/index.php?rest_route=%2Fwp%2Fv2%2Fproduct_tag&post=30479"}],"curies":[{"name":"wp","href":"https:\/\/api.w.org\/{rel}","templated":true}]}}